Last updated on 2025-10-30 02:48:56 CET.
| Flavor | Version | Tinstall | Tcheck | Ttotal | Status | Flags |
|---|---|---|---|---|---|---|
| r-devel-linux-x86_64-debian-clang | 0.1.0 | 1.52 | 22.34 | 23.86 | OK | |
| r-devel-linux-x86_64-debian-gcc | 0.1.0 | 1.37 | 18.41 | 19.78 | OK | |
| r-devel-linux-x86_64-fedora-clang | 0.1.0 | 34.74 | OK | |||
| r-devel-linux-x86_64-fedora-gcc | 0.1.0 | 46.49 | OK | |||
| r-devel-windows-x86_64 | 0.1.0 | 3.00 | 40.00 | 43.00 | OK | |
| r-patched-linux-x86_64 | 0.1.0 | 1.29 | 19.92 | 21.21 | OK | |
| r-release-linux-x86_64 | 0.1.0 | 1.52 | 19.96 | 21.48 | OK | |
| r-release-macos-arm64 | 0.1.0 | 1.00 | 25.00 | 26.00 | OK | |
| r-release-macos-x86_64 | 0.1.0 | 1.00 | 37.00 | 38.00 | OK | |
| r-release-windows-x86_64 | 0.1.0 | 3.00 | 42.00 | 45.00 | OK | |
| r-oldrel-macos-arm64 | 0.1.0 | 1.00 | 19.00 | 20.00 | NOTE | |
| r-oldrel-macos-x86_64 | 0.1.0 | 1.00 | 31.00 | 32.00 | NOTE | |
| r-oldrel-windows-x86_64 | 0.1.0 | 3.00 | 46.00 | 49.00 | NOTE |
Version: 0.1.0
Check: LazyData
Result: NOTE
'LazyData' is specified without a 'data' directory
Flavors: r-oldrel-macos-arm64, r-oldrel-macos-x86_64, r-oldrel-windows-x86_64