Last updated on 2025-10-31 02:50:25 CET.
| Flavor | Version | Tinstall | Tcheck | Ttotal | Status | Flags | 
|---|---|---|---|---|---|---|
| r-devel-linux-x86_64-debian-clang | 0.1.4 | 7.48 | 129.79 | 137.27 | NOTE | |
| r-devel-linux-x86_64-debian-gcc | 0.1.4 | 5.33 | 95.18 | 100.51 | NOTE | |
| r-devel-linux-x86_64-fedora-clang | 0.1.4 | 16.00 | 179.67 | 195.67 | OK | |
| r-devel-linux-x86_64-fedora-gcc | 0.1.4 | 16.00 | 185.21 | 201.21 | OK | |
| r-devel-windows-x86_64 | 0.1.4 | 10.00 | 146.00 | 156.00 | OK | |
| r-patched-linux-x86_64 | 0.1.4 | 7.57 | 124.15 | 131.72 | OK | |
| r-release-linux-x86_64 | 0.1.4 | 6.96 | 122.97 | 129.93 | OK | |
| r-release-macos-arm64 | 0.1.4 | 3.00 | 48.00 | 51.00 | OK | |
| r-release-macos-x86_64 | 0.1.4 | 5.00 | 84.00 | 89.00 | OK | |
| r-release-windows-x86_64 | 0.1.4 | 9.00 | 151.00 | 160.00 | OK | |
| r-oldrel-macos-arm64 | 0.1.4 | 3.00 | 49.00 | 52.00 | OK | |
| r-oldrel-macos-x86_64 | 0.1.4 | 8.00 | 93.00 | 101.00 | OK | |
| r-oldrel-windows-x86_64 | 0.1.4 | 13.00 | 174.00 | 187.00 | OK | 
Version: 0.1.4
Check: DESCRIPTION meta-information
Result: NOTE
  Author field differs from that derived from Authors@R
    Author:    ‘B. C. Ajay [aut, cre] (<https://orcid.org/0000-0001-7222-8483>), J. Aravind [aut] (<https://orcid.org/0000-0002-4791-442X>), R. Abdul Fiyaz [aut] (<https://orcid.org/0000-0001-6261-7071>), ICAR [cph] (https://www.icar.org.in)’
    Authors@R: ‘B. C. Ajay [aut, cre] (ORCID: <https://orcid.org/0000-0001-7222-8483>), J. Aravind [aut] (ORCID: <https://orcid.org/0000-0002-4791-442X>), R. Abdul Fiyaz [aut] (ORCID: <https://orcid.org/0000-0001-6261-7071>), ICAR [cph] (url: https://www.icar.org.in)’
Flavors: r-devel-linux-x86_64-debian-clang, r-devel-linux-x86_64-debian-gcc