Last updated on 2025-10-30 02:48:56 CET.
| Flavor | Version | Tinstall | Tcheck | Ttotal | Status | Flags | 
|---|---|---|---|---|---|---|
| r-devel-linux-x86_64-debian-clang | 1.2-1 | 1.31 | 34.67 | 35.98 | NOTE | |
| r-devel-linux-x86_64-debian-gcc | 1.2-1 | 1.17 | 28.08 | 29.25 | NOTE | |
| r-devel-linux-x86_64-fedora-clang | 1.2-1 | 52.93 | OK | |||
| r-devel-linux-x86_64-fedora-gcc | 1.2-1 | 52.54 | OK | |||
| r-devel-windows-x86_64 | 1.2-1 | 2.00 | 69.00 | 71.00 | OK | |
| r-patched-linux-x86_64 | 1.2-1 | 1.76 | 33.33 | 35.09 | OK | |
| r-release-linux-x86_64 | 1.2-1 | 1.47 | 33.23 | 34.70 | OK | |
| r-release-macos-arm64 | 1.2-1 | 1.00 | 27.00 | 28.00 | OK | |
| r-release-macos-x86_64 | 1.2-1 | 1.00 | 38.00 | 39.00 | OK | |
| r-release-windows-x86_64 | 1.2-1 | 3.00 | 71.00 | 74.00 | OK | |
| r-oldrel-macos-arm64 | 1.2-1 | 1.00 | 28.00 | 29.00 | OK | |
| r-oldrel-macos-x86_64 | 1.2-1 | 2.00 | 32.00 | 34.00 | OK | |
| r-oldrel-windows-x86_64 | 1.2-1 | 4.00 | 77.00 | 81.00 | OK | 
Version: 1.2-1
Check: CRAN incoming feasibility
Result: NOTE
  Maintainer: ‘David L. Carlson <dcarlson@tamu.edu>’
  
  No Authors@R field in DESCRIPTION.
  Please add one, modifying
    Authors@R: c(person(given = c("David", "L."),
                        family = "Carlson",
                        role = c("aut", "cre"),
                        email = "dcarlson@tamu.edu"),
                 person(given = "Georg",
                        family = "Roth",
                        role = "ctb"))
  as necessary.
Flavors: r-devel-linux-x86_64-debian-clang, r-devel-linux-x86_64-debian-gcc