Last updated on 2025-10-31 02:50:25 CET.
| Flavor | Version | Tinstall | Tcheck | Ttotal | Status | Flags | 
|---|---|---|---|---|---|---|
| r-devel-linux-x86_64-debian-clang | 1.0.0 | 1.84 | 20.18 | 22.02 | NOTE | |
| r-devel-linux-x86_64-debian-gcc | 1.0.0 | 1.50 | 16.75 | 18.25 | NOTE | |
| r-devel-linux-x86_64-fedora-clang | 1.0.0 | 34.12 | NOTE | |||
| r-devel-linux-x86_64-fedora-gcc | 1.0.0 | 30.43 | NOTE | |||
| r-devel-windows-x86_64 | 1.0.0 | 4.00 | 42.00 | 46.00 | OK | |
| r-patched-linux-x86_64 | 1.0.0 | 1.88 | 18.93 | 20.81 | OK | |
| r-release-linux-x86_64 | 1.0.0 | 1.80 | 18.83 | 20.63 | OK | |
| r-release-macos-arm64 | 1.0.0 | 1.00 | 33.00 | 34.00 | OK | |
| r-release-macos-x86_64 | 1.0.0 | 2.00 | 24.00 | 26.00 | OK | |
| r-release-windows-x86_64 | 1.0.0 | 3.00 | 45.00 | 48.00 | OK | |
| r-oldrel-macos-arm64 | 1.0.0 | 1.00 | 21.00 | 22.00 | NOTE | |
| r-oldrel-macos-x86_64 | 1.0.0 | 2.00 | 23.00 | 25.00 | NOTE | |
| r-oldrel-windows-x86_64 | 1.0.0 | 4.00 | 45.00 | 49.00 | NOTE | 
Version: 1.0.0
Check: CRAN incoming feasibility
Result: NOTE
  Maintainer: ‘Vladimir Polony <podalv@gmail.com>’
  
  No Authors@R field in DESCRIPTION.
  Please add one, modifying
    Authors@R: person(given = "Vladimir",
                      family = "Polony",
                      role = c("aut", "cre"),
                      email = "podalv@gmail.com")
  as necessary.
Flavors: r-devel-linux-x86_64-debian-clang, r-devel-linux-x86_64-debian-gcc
Version: 1.0.0
Check: dependencies in R code
Result: NOTE
  Namespace in Imports field not imported from: ‘testthat’
    All declared Imports should be used.
Flavors: r-devel-linux-x86_64-fedora-clang, r-devel-linux-x86_64-fedora-gcc
Version: 1.0.0
Check: LazyData
Result: NOTE
    'LazyData' is specified without a 'data' directory
Flavors: r-oldrel-macos-arm64, r-oldrel-macos-x86_64, r-oldrel-windows-x86_64