Last updated on 2025-10-31 02:50:25 CET.
| Flavor | Version | Tinstall | Tcheck | Ttotal | Status | Flags | 
|---|---|---|---|---|---|---|
| r-devel-linux-x86_64-debian-clang | 0.1.1 | 25.02 | 335.10 | 360.12 | NOTE | |
| r-devel-linux-x86_64-debian-gcc | 0.1.1 | 14.37 | 213.79 | 228.16 | NOTE | |
| r-devel-linux-x86_64-fedora-clang | 0.1.1 | 109.00 | 501.10 | 610.10 | NOTE | |
| r-devel-linux-x86_64-fedora-gcc | 0.1.1 | 51.00 | 506.86 | 557.86 | NOTE | |
| r-devel-windows-x86_64 | 0.1.1 | 23.00 | 267.00 | 290.00 | NOTE | |
| r-patched-linux-x86_64 | 0.1.1 | 21.88 | 319.95 | 341.83 | NOTE | |
| r-release-linux-x86_64 | 0.1.1 | 22.74 | 318.72 | 341.46 | NOTE | |
| r-release-macos-arm64 | 0.1.1 | 12.00 | 214.00 | 226.00 | NOTE | |
| r-release-macos-x86_64 | 0.1.1 | 22.00 | 367.00 | 389.00 | NOTE | |
| r-release-windows-x86_64 | 0.1.1 | 22.00 | 267.00 | 289.00 | NOTE | |
| r-oldrel-macos-arm64 | 0.1.1 | 9.00 | 133.00 | 142.00 | OK | |
| r-oldrel-macos-x86_64 | 0.1.1 | 20.00 | 267.00 | 287.00 | OK | |
| r-oldrel-windows-x86_64 | 0.1.1 | 31.00 | 352.00 | 383.00 | OK | 
Version: 0.1.1
Check: DESCRIPTION meta-information
Result: NOTE
    Missing dependency on R >= 4.1.0 because package code uses the pipe
    |> or function shorthand \(...) syntax added in R 4.1.0.
    File(s) using such syntax:
      ‘atpol_grids.R’ ‘miscRscript.r’ ‘plot_points_on_atpol.R’
Flavors: r-devel-linux-x86_64-debian-clang, r-devel-linux-x86_64-debian-gcc, r-devel-linux-x86_64-fedora-clang, r-devel-linux-x86_64-fedora-gcc, r-devel-windows-x86_64, r-patched-linux-x86_64, r-release-linux-x86_64, r-release-macos-arm64, r-release-macos-x86_64, r-release-windows-x86_64