Last updated on 2025-10-31 02:50:25 CET.
| Flavor | Version | Tinstall | Tcheck | Ttotal | Status | Flags | 
|---|---|---|---|---|---|---|
| r-devel-linux-x86_64-debian-clang | 1.0.5 | 14.42 | 167.60 | 182.02 | NOTE | |
| r-devel-linux-x86_64-debian-gcc | 1.0.5 | 9.30 | 110.43 | 119.73 | NOTE | |
| r-devel-linux-x86_64-fedora-clang | 1.0.5 | 83.00 | 181.49 | 264.49 | NOTE | |
| r-devel-linux-x86_64-fedora-gcc | 1.0.5 | 28.00 | 234.97 | 262.97 | NOTE | |
| r-devel-windows-x86_64 | 1.0.5 | 27.00 | 283.00 | 310.00 | NOTE | |
| r-patched-linux-x86_64 | 1.0.5 | 29.23 | 154.34 | 183.57 | NOTE | |
| r-release-linux-x86_64 | 1.0.5 | 14.00 | 153.90 | 167.90 | NOTE | |
| r-release-macos-arm64 | 1.0.5 | 14.00 | 126.00 | 140.00 | NOTE | |
| r-release-macos-x86_64 | 1.0.5 | 23.00 | 148.00 | 171.00 | NOTE | |
| r-release-windows-x86_64 | 1.0.5 | 26.00 | 289.00 | 315.00 | NOTE | |
| r-oldrel-macos-arm64 | 1.0.5 | 8.00 | 87.00 | 95.00 | NOTE | |
| r-oldrel-macos-x86_64 | 1.0.5 | 13.00 | 108.00 | 121.00 | NOTE | |
| r-oldrel-windows-x86_64 | 1.0.5 | 36.00 | 320.00 | 356.00 | NOTE | 
Version: 1.0.5
Check: Rd files
Result: NOTE
  checkRd: (-1) ec2_create_security_group.Rd:66: Escaped LaTeX specials: \#
  checkRd: (-1) ec2_create_security_group.Rd:66: Escaped LaTeX specials: \$
  checkRd: (-1) ec2_create_security_group.Rd:79: Escaped LaTeX specials: \#
  checkRd: (-1) ec2_create_security_group.Rd:79: Escaped LaTeX specials: \$
Flavors: r-devel-linux-x86_64-debian-clang, r-devel-linux-x86_64-debian-gcc, r-devel-linux-x86_64-fedora-clang, r-devel-linux-x86_64-fedora-gcc, r-devel-windows-x86_64, r-patched-linux-x86_64, r-release-linux-x86_64, r-release-macos-arm64, r-release-macos-x86_64, r-release-windows-x86_64, r-oldrel-macos-arm64, r-oldrel-macos-x86_64, r-oldrel-windows-x86_64