Last updated on 2025-10-31 02:50:25 CET.
| Flavor | Version | Tinstall | Tcheck | Ttotal | Status | Flags | 
|---|---|---|---|---|---|---|
| r-devel-linux-x86_64-debian-clang | 0.3-4 | 3.84 | 47.60 | 51.44 | NOTE | |
| r-devel-linux-x86_64-debian-gcc | 0.3-4 | 2.60 | 36.68 | 39.28 | NOTE | |
| r-devel-linux-x86_64-fedora-clang | 0.3-4 | 13.00 | 63.15 | 76.15 | OK | |
| r-devel-linux-x86_64-fedora-gcc | 0.3-4 | 87.48 | OK | |||
| r-devel-windows-x86_64 | 0.3-4 | 5.00 | 78.00 | 83.00 | OK | |
| r-patched-linux-x86_64 | 0.3-4 | 3.33 | 45.40 | 48.73 | OK | |
| r-release-linux-x86_64 | 0.3-4 | 3.02 | 45.49 | 48.51 | OK | |
| r-release-macos-arm64 | 0.3-4 | 2.00 | 35.00 | 37.00 | OK | |
| r-release-macos-x86_64 | 0.3-4 | 5.00 | 80.00 | 85.00 | OK | |
| r-release-windows-x86_64 | 0.3-4 | 5.00 | 83.00 | 88.00 | OK | |
| r-oldrel-macos-arm64 | 0.3-4 | 2.00 | 37.00 | 39.00 | OK | |
| r-oldrel-macos-x86_64 | 0.3-4 | 3.00 | 47.00 | 50.00 | OK | |
| r-oldrel-windows-x86_64 | 0.3-4 | 7.00 | 86.00 | 93.00 | OK | 
Version: 0.3-4
Check: CRAN incoming feasibility
Result: NOTE
  Maintainer: ‘Daniel Gerlanc <dgerlanc@enplusadvisors.com>’
  
  No Authors@R field in DESCRIPTION.
  Please add one, modifying
    Authors@R: c(person(given = "Jeff",
                        family = "Enos",
                        role = "aut",
                        email = "jeff@kanecap.com"),
                 person(given = "David",
                        family = "Kane",
                        role = "aut",
                        email = "dave@kanecap.com"),
                 person(given = c("with", "contributions", "from", "Kyle"),
                        family = "Campbell",
                        role = "aut",
                        email = "kyle.w.campbell@williams.edu"),
                 person(given = "Daniel",
                        family = "Gerlanc",
                        role = c("aut", "cre"),
                        email = "daniel@gerlanc.com"),
                 person(given = "Aaron",
                        family = "Schwartz",
                        role = "aut",
                        email = "Aaron.J.Schwartz@williams.edu"),
                 person(given = "Daniel",
                        family = "Suo",
                        role = "aut",
                        email = "danielsuo@gmail.com"),
                 person(given = "Alexei",
                        family = "Colin",
                        role = "aut",
                        email = "acolin@fas.harvard.edu"),
                 person(given = c("and", "Luyi"),
                        family = "Zhao",
                        role = "aut",
                        email = "luyizhao@gmail.com"))
  as necessary.
Flavors: r-devel-linux-x86_64-debian-clang, r-devel-linux-x86_64-debian-gcc