Last updated on 2025-10-31 02:50:25 CET.
| Flavor | Version | Tinstall | Tcheck | Ttotal | Status | Flags | 
|---|---|---|---|---|---|---|
| r-devel-linux-x86_64-debian-clang | 1.2.1 | 2.70 | 23.02 | 25.72 | NOTE | |
| r-devel-linux-x86_64-debian-gcc | 1.2.1 | 2.22 | 18.08 | 20.30 | NOTE | |
| r-devel-linux-x86_64-fedora-clang | 1.2.1 | 38.85 | OK | |||
| r-devel-linux-x86_64-fedora-gcc | 1.2.1 | 38.62 | OK | |||
| r-devel-windows-x86_64 | 1.2.1 | 4.00 | 32.00 | 36.00 | OK | |
| r-patched-linux-x86_64 | 1.2.1 | 2.99 | 22.46 | 25.45 | OK | |
| r-release-linux-x86_64 | 1.2.1 | 2.87 | 22.34 | 25.21 | OK | |
| r-release-macos-arm64 | 1.2.1 | 2.00 | 18.00 | 20.00 | OK | |
| r-release-macos-x86_64 | 1.2.1 | 3.00 | 24.00 | 27.00 | OK | |
| r-release-windows-x86_64 | 1.2.1 | 4.00 | 35.00 | 39.00 | OK | |
| r-oldrel-macos-arm64 | 1.2.1 | 2.00 | 21.00 | 23.00 | NOTE | |
| r-oldrel-macos-x86_64 | 1.2.1 | 2.00 | 20.00 | 22.00 | NOTE | |
| r-oldrel-windows-x86_64 | 1.2.1 | 4.00 | 32.00 | 36.00 | NOTE | 
Version: 1.2.1
Check: CRAN incoming feasibility
Result: NOTE
  Maintainer: ‘Adam Kapelner <kapelner@qc.cuny.edu>’
  
  No Authors@R field in DESCRIPTION.
  Please add one, modifying
    Authors@R: c(person(given = "Adam",
                        family = "Kapelner",
                        role = c("aut", "cre"),
                        email = "kapelner@qc.cuny.edu"),
                 person(given = "Justin",
                        family = "Bleich",
                        role = "aut",
                        comment = c(ROR = "R package")),
                 person(given = c("see", "COPYRIGHTS", "file", "for", "the", "authors", "of", "the", "java"),
                        family = "libraries",
                        role = "aut"))
  as necessary.
Flavors: r-devel-linux-x86_64-debian-clang, r-devel-linux-x86_64-debian-gcc
Version: 1.2.1
Check: installed package size
Result: NOTE
    installed size is  9.4Mb
    sub-directories of 1Mb or more:
      java   9.3Mb
Flavors: r-oldrel-macos-arm64, r-oldrel-macos-x86_64, r-oldrel-windows-x86_64