Last updated on 2025-10-31 02:50:26 CET.
| Flavor | Version | Tinstall | Tcheck | Ttotal | Status | Flags | 
|---|---|---|---|---|---|---|
| r-devel-linux-x86_64-debian-clang | 2.4 | 4.97 | 31.99 | 36.96 | NOTE | |
| r-devel-linux-x86_64-debian-gcc | 2.4 | 3.89 | 23.30 | 27.19 | NOTE | |
| r-devel-linux-x86_64-fedora-clang | 2.4 | 10.00 | 46.61 | 56.61 | OK | |
| r-devel-linux-x86_64-fedora-gcc | 2.4 | 13.00 | 38.60 | 51.60 | OK | |
| r-devel-windows-x86_64 | 2.4 | 9.00 | 54.00 | 63.00 | OK | |
| r-patched-linux-x86_64 | 2.4 | 5.09 | 28.02 | 33.11 | OK | |
| r-release-linux-x86_64 | 2.4 | 4.67 | 28.22 | 32.89 | OK | |
| r-release-macos-arm64 | 2.4 | 4.00 | 20.00 | 24.00 | OK | |
| r-release-macos-x86_64 | 2.4 | 5.00 | 32.00 | 37.00 | OK | |
| r-release-windows-x86_64 | 2.4 | 9.00 | 58.00 | 67.00 | OK | |
| r-oldrel-macos-arm64 | 2.4 | 4.00 | 23.00 | 27.00 | OK | |
| r-oldrel-macos-x86_64 | 2.4 | 5.00 | 25.00 | 30.00 | OK | |
| r-oldrel-windows-x86_64 | 2.4 | 8.00 | 54.00 | 62.00 | OK | 
Version: 2.4
Check: CRAN incoming feasibility
Result: NOTE
  Maintainer: ‘Dries F. Benoit <Dries.Benoit@UGent.be>’
  
  No Authors@R field in DESCRIPTION.
  Please add one, modifying
    Authors@R: c(person(given = c("Dries", "F."),
                        family = "Benoit",
                        role = c("aut", "cre"),
                        email = "dries.benoit@ugent.be"),
                 person(given = "Rahim",
                        family = "Al-Hamzawi",
                        role = "aut"),
                 person(given = "Keming",
                        family = "Yu",
                        role = "aut"),
                 person(given = "Dirk",
                        family = "Van den Poel",
                        role = "aut"))
  as necessary.
Flavors: r-devel-linux-x86_64-debian-clang, r-devel-linux-x86_64-debian-gcc