Last updated on 2025-10-31 02:50:26 CET.
| Flavor | Version | Tinstall | Tcheck | Ttotal | Status | Flags | 
|---|---|---|---|---|---|---|
| r-devel-linux-x86_64-debian-clang | 1.0.0 | 2.29 | 24.36 | 26.65 | NOTE | |
| r-devel-linux-x86_64-debian-gcc | 1.0.0 | 1.87 | 19.66 | 21.53 | NOTE | |
| r-devel-linux-x86_64-fedora-clang | 1.0.0 | 39.59 | OK | |||
| r-devel-linux-x86_64-fedora-gcc | 1.0.0 | 36.23 | OK | |||
| r-devel-windows-x86_64 | 1.0.0 | 4.00 | 42.00 | 46.00 | OK | |
| r-patched-linux-x86_64 | 1.0.0 | 2.35 | 21.55 | 23.90 | OK | |
| r-release-linux-x86_64 | 1.0.0 | 1.82 | 21.61 | 23.43 | OK | |
| r-release-macos-arm64 | 1.0.0 | 1.00 | 16.00 | 17.00 | OK | |
| r-release-macos-x86_64 | 1.0.0 | 3.00 | 34.00 | 37.00 | OK | |
| r-release-windows-x86_64 | 1.0.0 | 3.00 | 45.00 | 48.00 | OK | |
| r-oldrel-macos-arm64 | 1.0.0 | 1.00 | 19.00 | 20.00 | OK | |
| r-oldrel-macos-x86_64 | 1.0.0 | 2.00 | 20.00 | 22.00 | OK | |
| r-oldrel-windows-x86_64 | 1.0.0 | 3.00 | 42.00 | 45.00 | OK | 
Version: 1.0.0
Check: CRAN incoming feasibility
Result: NOTE
  Maintainer: ‘Qingyuan Zhao <qyzhao@statslab.cam.ac.uk>’
  
  The Description field contains
    <arXiv:2004.07743>.
  Please refer to arXiv e-prints via their arXiv DOI <doi:10.48550/arXiv.YYMM.NNNNN>.
Flavors: r-devel-linux-x86_64-debian-clang, r-devel-linux-x86_64-debian-gcc