Last updated on 2025-10-31 02:50:26 CET.
| Flavor | Version | Tinstall | Tcheck | Ttotal | Status | Flags | 
|---|---|---|---|---|---|---|
| r-devel-linux-x86_64-debian-clang | 0.9-3 | 4.00 | 27.86 | 31.86 | NOTE | |
| r-devel-linux-x86_64-debian-gcc | 0.9-3 | 2.75 | 22.12 | 24.87 | NOTE | |
| r-devel-linux-x86_64-fedora-clang | 0.9-3 | 16.00 | 34.26 | 50.26 | NOTE | |
| r-devel-linux-x86_64-fedora-gcc | 0.9-3 | 45.19 | OK | |||
| r-devel-windows-x86_64 | 0.9-3 | 8.00 | 46.00 | 54.00 | OK | |
| r-patched-linux-x86_64 | 0.9-3 | 3.33 | 26.60 | 29.93 | NOTE | |
| r-release-linux-x86_64 | 0.9-3 | 2.95 | 26.61 | 29.56 | NOTE | |
| r-release-macos-arm64 | 0.9-3 | 3.00 | 16.00 | 19.00 | OK | |
| r-release-macos-x86_64 | 0.9-3 | 4.00 | 28.00 | 32.00 | OK | |
| r-release-windows-x86_64 | 0.9-3 | 10.00 | 48.00 | 58.00 | OK | |
| r-oldrel-macos-arm64 | 0.9-3 | 2.00 | 22.00 | 24.00 | OK | |
| r-oldrel-macos-x86_64 | 0.9-3 | 19.00 | 59.00 | 78.00 | OK | |
| r-oldrel-windows-x86_64 | 0.9-3 | 10.00 | 53.00 | 63.00 | OK | 
Version: 0.9-3
Check: CRAN incoming feasibility
Result: NOTE
  Maintainer: ‘Thomas Lumley <t.lumley@auckland.ac.nz>’
  
  No Authors@R field in DESCRIPTION.
  Please add one, modifying
    Authors@R: person(given = "Thomas",
                      family = "Lumley",
                      role = c("aut", "cre"),
                      email = "t.lumley@auckland.ac.nz")
  as necessary.
Flavors: r-devel-linux-x86_64-debian-clang, r-devel-linux-x86_64-debian-gcc
Version: 0.9-3
Check: R code for possible problems
Result: NOTE
  Found the following calls to data() loading into the global environment:
  File ‘biglm/R/bigglm.R’:
    data(reset = TRUE)
    data(reset = FALSE)
  See section ‘Good practice’ in ‘?data’.
Flavors: r-devel-linux-x86_64-debian-clang, r-devel-linux-x86_64-debian-gcc, r-devel-linux-x86_64-fedora-clang, r-patched-linux-x86_64, r-release-linux-x86_64