Last updated on 2025-10-31 02:50:26 CET.
| Flavor | Version | Tinstall | Tcheck | Ttotal | Status | Flags | 
|---|---|---|---|---|---|---|
| r-devel-linux-x86_64-debian-clang | 1.1-1 | 17.98 | 86.50 | 104.48 | NOTE | |
| r-devel-linux-x86_64-debian-gcc | 1.1-1 | 10.99 | 60.01 | 71.00 | NOTE | |
| r-devel-linux-x86_64-fedora-clang | 1.1-1 | 76.00 | 98.15 | 174.15 | OK | |
| r-devel-linux-x86_64-fedora-gcc | 1.1-1 | 36.00 | 122.11 | 158.11 | OK | |
| r-devel-windows-x86_64 | 1.1-1 | 22.00 | 103.00 | 125.00 | OK | |
| r-patched-linux-x86_64 | 1.1-1 | 18.30 | 83.04 | 101.34 | OK | |
| r-release-linux-x86_64 | 1.1-1 | 14.41 | 83.25 | 97.66 | OK | |
| r-release-macos-arm64 | 1.1-1 | 9.00 | 40.00 | 49.00 | OK | |
| r-release-macos-x86_64 | 1.1-1 | 27.00 | 124.00 | 151.00 | OK | |
| r-release-windows-x86_64 | 1.1-1 | 22.00 | 107.00 | 129.00 | OK | |
| r-oldrel-macos-arm64 | 1.1-1 | 8.00 | 42.00 | 50.00 | OK | |
| r-oldrel-macos-x86_64 | 1.1-1 | 15.00 | 61.00 | 76.00 | OK | |
| r-oldrel-windows-x86_64 | 1.1-1 | 21.00 | 99.00 | 120.00 | OK | 
Version: 1.1-1
Check: CRAN incoming feasibility
Result: NOTE
  Maintainer: ‘Nathaniel E. Helwig <helwig@umn.edu>’
  
  No Authors@R field in DESCRIPTION.
  Please add one, modifying
    Authors@R: person(given = c("Nathaniel", "E."),
                      family = "Helwig",
                      role = c("aut", "cre"),
                      email = "helwig@umn.edu")
  as necessary.
  
  Found the following URLs which should use \doi (with the DOI name only):
    File ‘bigsplines-package.Rd’:
      http://dx.doi.org/10.3389/fams.2017.00015
    File ‘bigssa.Rd’:
      http://dx.doi.org/10.3389/fams.2017.00015
    File ‘bigssg.Rd’:
      http://dx.doi.org/10.3389/fams.2017.00015
    File ‘bigssp.Rd’:
      http://dx.doi.org/10.3389/fams.2017.00015
    File ‘bigtps.Rd’:
      http://dx.doi.org/10.3389/fams.2017.00015
    File ‘makessa.Rd’:
      http://dx.doi.org/10.3389/fams.2017.00015
    File ‘makessg.Rd’:
      http://dx.doi.org/10.3389/fams.2017.00015
    File ‘makessp.Rd’:
      http://dx.doi.org/10.3389/fams.2017.00015
    File ‘ordspline.Rd’:
      http://dx.doi.org/10.3389/fams.2017.00015
    File ‘predict.bigspline.Rd’:
      http://dx.doi.org/10.3389/fams.2017.00015
    File ‘predict.bigssa.Rd’:
      http://dx.doi.org/10.3389/fams.2017.00015
    File ‘predict.bigssg.Rd’:
      http://dx.doi.org/10.3389/fams.2017.00015
    File ‘predict.bigssp.Rd’:
      http://dx.doi.org/10.3389/fams.2017.00015
    File ‘predict.bigtps.Rd’:
      http://dx.doi.org/10.3389/fams.2017.00015
    File ‘predict.ordspline.Rd’:
      http://dx.doi.org/10.3389/fams.2017.00015
    File ‘ssBasis.Rd’:
      http://dx.doi.org/10.3389/fams.2017.00015
Flavors: r-devel-linux-x86_64-debian-clang, r-devel-linux-x86_64-debian-gcc