Last updated on 2025-10-31 02:50:26 CET.
| Flavor | Version | Tinstall | Tcheck | Ttotal | Status | Flags | 
|---|---|---|---|---|---|---|
| r-devel-linux-x86_64-debian-clang | 1.1-1.1 | 4.57 | 44.16 | 48.73 | NOTE | |
| r-devel-linux-x86_64-debian-gcc | 1.1-1.1 | 3.22 | 32.41 | 35.63 | NOTE | |
| r-devel-linux-x86_64-fedora-clang | 1.1-1.1 | 18.00 | 58.49 | 76.49 | NOTE | |
| r-devel-linux-x86_64-fedora-gcc | 1.1-1.1 | 10.00 | 59.81 | 69.81 | NOTE | |
| r-devel-windows-x86_64 | 1.1-1.1 | 7.00 | 60.00 | 67.00 | NOTE | |
| r-patched-linux-x86_64 | 1.1-1.1 | 3.97 | 40.73 | 44.70 | NOTE | |
| r-release-linux-x86_64 | 1.1-1.1 | 3.95 | 41.79 | 45.74 | NOTE | |
| r-release-macos-arm64 | 1.1-1.1 | 3.00 | 22.00 | 25.00 | NOTE | |
| r-release-macos-x86_64 | 1.1-1.1 | 6.00 | 48.00 | 54.00 | NOTE | |
| r-release-windows-x86_64 | 1.1-1.1 | 9.00 | 62.00 | 71.00 | NOTE | |
| r-oldrel-macos-arm64 | 1.1-1.1 | 3.00 | 23.00 | 26.00 | NOTE | |
| r-oldrel-macos-x86_64 | 1.1-1.1 | 6.00 | 51.00 | 57.00 | NOTE | |
| r-oldrel-windows-x86_64 | 1.1-1.1 | 8.00 | 73.00 | 81.00 | NOTE | 
Version: 1.1-1.1
Check: CRAN incoming feasibility
Result: NOTE
  Maintainer: ‘Sundar Dorai-Raj <sdorairaj@gmail.com>’
  
  No Authors@R field in DESCRIPTION.
  Please add one, modifying
    Authors@R: person(given = "Sundar",
                      family = "Dorai-Raj",
                      role = c("aut", "cre"),
                      email = "sundar.dorai-raj@pdf.com")
  as necessary.
Flavors: r-devel-linux-x86_64-debian-clang, r-devel-linux-x86_64-debian-gcc
Version: 1.1-1.1
Check: Rd files
Result: NOTE
  checkRd: (-1) binom.confint.Rd:28-29: Lost braces in \itemize; meant \describe ?
  checkRd: (-1) binom.confint.Rd:30-31: Lost braces in \itemize; meant \describe ?
  checkRd: (-1) binom.confint.Rd:32-37: Lost braces in \itemize; meant \describe ?
  checkRd: (-1) binom.confint.Rd:38: Lost braces in \itemize; meant \describe ?
  checkRd: (-1) binom.confint.Rd:39-40: Lost braces in \itemize; meant \describe ?
  checkRd: (-1) binom.confint.Rd:41: Lost braces in \itemize; meant \describe ?
  checkRd: (-1) binom.confint.Rd:42: Lost braces in \itemize; meant \describe ?
  checkRd: (-1) binom.confint.Rd:43: Lost braces in \itemize; meant \describe ?
  checkRd: (-1) binom.confint.Rd:44: Lost braces in \itemize; meant \describe ?
  checkRd: (-1) binom.confint.Rd:45: Lost braces in \itemize; meant \describe ?
Flavors: r-devel-linux-x86_64-debian-clang, r-devel-linux-x86_64-debian-gcc, r-devel-linux-x86_64-fedora-clang, r-devel-linux-x86_64-fedora-gcc, r-devel-windows-x86_64, r-patched-linux-x86_64, r-release-linux-x86_64, r-release-macos-arm64, r-release-macos-x86_64, r-release-windows-x86_64, r-oldrel-macos-arm64, r-oldrel-macos-x86_64, r-oldrel-windows-x86_64
Version: 1.1-1.1
Check: compiled code
Result: NOTE
  File ‘binom/libs/binom.so’:
    Found no calls to: ‘R_registerRoutines’, ‘R_useDynamicSymbols’
  
  It is good practice to register native routines and to disable symbol
  search.
  
  See ‘Writing portable packages’ in the ‘Writing R Extensions’ manual.
Flavors: r-devel-linux-x86_64-fedora-clang, r-devel-linux-x86_64-fedora-gcc