Last updated on 2025-10-31 02:50:26 CET.
| Flavor | Version | Tinstall | Tcheck | Ttotal | Status | Flags | 
|---|---|---|---|---|---|---|
| r-devel-linux-x86_64-debian-clang | 2.1.0 | 3.23 | 36.21 | 39.44 | NOTE | |
| r-devel-linux-x86_64-debian-gcc | 2.1.0 | 2.44 | 27.49 | 29.93 | NOTE | |
| r-devel-linux-x86_64-fedora-clang | 2.1.0 | 16.00 | 44.45 | 60.45 | OK | |
| r-devel-linux-x86_64-fedora-gcc | 2.1.0 | 55.70 | OK | |||
| r-devel-windows-x86_64 | 2.1.0 | 5.00 | 56.00 | 61.00 | OK | |
| r-patched-linux-x86_64 | 2.1.0 | 3.72 | 34.35 | 38.07 | OK | |
| r-release-linux-x86_64 | 2.1.0 | 3.05 | 34.61 | 37.66 | OK | |
| r-release-macos-arm64 | 2.1.0 | 2.00 | 24.00 | 26.00 | OK | |
| r-release-macos-x86_64 | 2.1.0 | 6.00 | 56.00 | 62.00 | OK | |
| r-release-windows-x86_64 | 2.1.0 | 4.00 | 58.00 | 62.00 | OK | |
| r-oldrel-macos-arm64 | 2.1.0 | 2.00 | 24.00 | 26.00 | OK | |
| r-oldrel-macos-x86_64 | 2.1.0 | 3.00 | 28.00 | 31.00 | OK | |
| r-oldrel-windows-x86_64 | 2.1.0 | 6.00 | 68.00 | 74.00 | OK | 
Version: 2.1.0
Check: CRAN incoming feasibility
Result: NOTE
  Maintainer: ‘Antonio Guerrero <jaguerrero@correo.uaa.mx>’
  
  No Authors@R field in DESCRIPTION.
  Please add one, modifying
    Authors@R: c(person(given = "J.A.",
                        family = "Guerrero",
                        role = "aut"),
                 person(given = "J.E.",
                        family = "Macias-Diaz",
                        role = "aut"),
                 person(given = "Antonio",
                        family = "Guerrero",
                        role = "cre",
                        email = "jaguerrero@correo.uaa.mx"))
  as necessary.
Flavors: r-devel-linux-x86_64-debian-clang, r-devel-linux-x86_64-debian-gcc