Last updated on 2025-10-31 02:50:26 CET.
| Flavor | Version | Tinstall | Tcheck | Ttotal | Status | Flags | 
|---|---|---|---|---|---|---|
| r-devel-linux-x86_64-debian-clang | 2.2 | 11.54 | 294.37 | 305.91 | NOTE | |
| r-devel-linux-x86_64-debian-gcc | 2.2 | 7.51 | 203.90 | 211.41 | NOTE | |
| r-devel-linux-x86_64-fedora-clang | 2.2 | 52.00 | 401.26 | 453.26 | NOTE | |
| r-devel-linux-x86_64-fedora-gcc | 2.2 | 26.00 | 408.73 | 434.73 | NOTE | |
| r-devel-windows-x86_64 | 2.2 | 15.00 | 496.00 | 511.00 | NOTE | |
| r-patched-linux-x86_64 | 2.2 | 12.02 | 278.07 | 290.09 | NOTE | |
| r-release-linux-x86_64 | 2.2 | 10.22 | 278.15 | 288.37 | NOTE | |
| r-release-macos-arm64 | 2.2 | 6.00 | 104.00 | 110.00 | NOTE | |
| r-release-macos-x86_64 | 2.2 | 20.00 | 229.00 | 249.00 | NOTE | |
| r-release-windows-x86_64 | 2.2 | 16.00 | 230.00 | 246.00 | NOTE | |
| r-oldrel-macos-arm64 | 2.2 | 5.00 | 103.00 | 108.00 | OK | |
| r-oldrel-macos-x86_64 | 2.2 | 7.00 | 332.00 | 339.00 | OK | |
| r-oldrel-windows-x86_64 | 2.2 | 18.00 | 294.00 | 312.00 | OK | 
Version: 2.2
Check: DESCRIPTION meta-information
Result: NOTE
    Missing dependency on R >= 4.1.0 because package code uses the pipe
    |> or function shorthand \(...) syntax added in R 4.1.0.
    File(s) using such syntax:
      ‘AoD.Rd’ ‘AoD.biplot.Rd’ ‘CA.Rd’ ‘CA.biplot.Rd’ ‘CLPs.Rd’ ‘CVA.Rd’
      ‘CVA.biplot.Rd’ ‘PCA.Rd’ ‘PCA.biplot.Rd’ ‘PCO.Rd’ ‘PCO.biplot.Rd’
      ‘alpha.bags.Rd’ ‘axes.Rd’ ‘axes_coordinates.Rd’ ‘biplot.R’
      ‘biplot.Rd’ ‘classification.Rd’ ‘classify.Rd’ ‘density1D.Rd’
      ‘density2D.Rd’ ‘ellipses.Rd’ ‘fit.measures.Rd’ ‘interpolate.Rd’
      ‘legend.type.Rd’ ‘means.Rd’ ‘newaxes.Rd’ ‘newsamples.Rd’
      ‘plot.biplot.Rd’ ‘prediction.Rd’ ‘print.biplot.Rd’ ‘reflect.Rd’
      ‘regress.Rd’ ‘regress.biplot.Rd’ ‘rotate.Rd’ ‘samples.Rd’
      ‘summary.biplot.Rd’ ‘translate_axes.R’ ‘translate_axes.Rd’
Flavors: r-devel-linux-x86_64-debian-clang, r-devel-linux-x86_64-debian-gcc, r-devel-linux-x86_64-fedora-clang, r-devel-linux-x86_64-fedora-gcc, r-devel-windows-x86_64, r-patched-linux-x86_64, r-release-linux-x86_64, r-release-macos-arm64, r-release-macos-x86_64, r-release-windows-x86_64