Last updated on 2025-10-31 02:50:26 CET.
| Flavor | Version | Tinstall | Tcheck | Ttotal | Status | Flags | 
|---|---|---|---|---|---|---|
| r-devel-linux-x86_64-debian-clang | 2.1.2 | 1.93 | 20.62 | 22.55 | NOTE | |
| r-devel-linux-x86_64-debian-gcc | 2.1.2 | 1.53 | 16.65 | 18.18 | NOTE | |
| r-devel-linux-x86_64-fedora-clang | 2.1.2 | 34.67 | OK | |||
| r-devel-linux-x86_64-fedora-gcc | 2.1.2 | 31.07 | OK | |||
| r-devel-windows-x86_64 | 2.1.2 | 4.00 | 39.00 | 43.00 | OK | |
| r-patched-linux-x86_64 | 2.1.2 | 2.06 | 19.23 | 21.29 | OK | |
| r-release-linux-x86_64 | 2.1.2 | 2.02 | 19.43 | 21.45 | OK | |
| r-release-macos-arm64 | 2.1.2 | 1.00 | 13.00 | 14.00 | OK | |
| r-release-macos-x86_64 | 2.1.2 | 3.00 | 31.00 | 34.00 | OK | |
| r-release-windows-x86_64 | 2.1.2 | 4.00 | 44.00 | 48.00 | OK | |
| r-oldrel-macos-arm64 | 2.1.2 | 1.00 | 19.00 | 20.00 | OK | |
| r-oldrel-macos-x86_64 | 2.1.2 | 2.00 | 20.00 | 22.00 | OK | |
| r-oldrel-windows-x86_64 | 2.1.2 | 3.00 | 40.00 | 43.00 | OK | 
Version: 2.1.2
Check: CRAN incoming feasibility
Result: NOTE
  Maintainer: ‘Matthew A. Birk <matthewabirk@gmail.com>’
  
  No Authors@R field in DESCRIPTION.
  Please add one, modifying
    Authors@R: person(given = c("Matthew", "A."),
                      family = "Birk",
                      role = c("aut", "cre"),
                      email = "matthewabirk@gmail.com")
  as necessary.
Flavors: r-devel-linux-x86_64-debian-clang, r-devel-linux-x86_64-debian-gcc