Last updated on 2025-10-31 02:50:26 CET.
| Flavor | Version | Tinstall | Tcheck | Ttotal | Status | Flags | 
|---|---|---|---|---|---|---|
| r-devel-linux-x86_64-debian-clang | 0.2.6 | 73.48 | 90.21 | 163.69 | NOTE | |
| r-devel-linux-x86_64-debian-gcc | 0.2.6 | 50.54 | 83.56 | 134.10 | NOTE | |
| r-devel-linux-x86_64-fedora-clang | 0.2.6 | 375.00 | -50.08 | 324.92 | OK | |
| r-devel-linux-x86_64-fedora-gcc | 0.2.6 | 154.00 | 119.03 | 273.03 | OK | |
| r-devel-windows-x86_64 | 0.2.6 | 89.00 | 114.00 | 203.00 | OK | |
| r-patched-linux-x86_64 | 0.2.6 | 76.19 | 88.66 | 164.85 | OK | |
| r-release-linux-x86_64 | 0.2.6 | 79.77 | 87.49 | 167.26 | OK | |
| r-release-macos-arm64 | 0.2.6 | 33.00 | 45.00 | 78.00 | OK | |
| r-release-macos-x86_64 | 0.2.6 | 30.00 | 69.00 | 99.00 | OK | |
| r-release-windows-x86_64 | 0.2.6 | 96.00 | 117.00 | 213.00 | OK | |
| r-oldrel-macos-arm64 | 0.2.6 | 32.00 | 41.00 | 73.00 | NOTE | |
| r-oldrel-macos-x86_64 | 0.2.6 | 37.00 | 59.00 | 96.00 | NOTE | |
| r-oldrel-windows-x86_64 | 0.2.6 | 108.00 | 154.00 | 262.00 | OK | 
Version: 0.2.6
Check: CRAN incoming feasibility
Result: NOTE
  Maintainer: ‘Marvin N. Wright <cran@wrig.de>’
  
  No Authors@R field in DESCRIPTION.
  Please add one, modifying
    Authors@R: c(person(given = "Roman",
                        family = "Hornung",
                        role = "aut"),
                 person(given = c("Marvin", "N."),
                        family = "Wright",
                        role = c("aut", "cre"),
                        email = "cran@wrig.de"))
  as necessary.
Flavors: r-devel-linux-x86_64-debian-clang, r-devel-linux-x86_64-debian-gcc
Version: 0.2.6
Check: installed package size
Result: NOTE
    installed size is  7.0Mb
    sub-directories of 1Mb or more:
      libs   6.6Mb
Flavors: r-oldrel-macos-arm64, r-oldrel-macos-x86_64