Last updated on 2025-10-31 02:50:26 CET.
| Flavor | Version | Tinstall | Tcheck | Ttotal | Status | Flags | 
|---|---|---|---|---|---|---|
| r-devel-linux-x86_64-debian-clang | 1.0 | 1.96 | 22.98 | 24.94 | NOTE | |
| r-devel-linux-x86_64-debian-gcc | 1.0 | 1.62 | 18.89 | 20.51 | NOTE | |
| r-devel-linux-x86_64-fedora-clang | 1.0 | 13.00 | 25.91 | 38.91 | OK | |
| r-devel-linux-x86_64-fedora-gcc | 1.0 | 34.89 | OK | |||
| r-devel-windows-x86_64 | 1.0 | 3.00 | 44.00 | 47.00 | OK | |
| r-patched-linux-x86_64 | 1.0 | 2.37 | 21.79 | 24.16 | OK | |
| r-release-linux-x86_64 | 1.0 | 2.18 | 22.09 | 24.27 | OK | |
| r-release-macos-arm64 | 1.0 | 1.00 | 16.00 | 17.00 | OK | |
| r-release-macos-x86_64 | 1.0 | 2.00 | 24.00 | 26.00 | OK | |
| r-release-windows-x86_64 | 1.0 | 3.00 | 50.00 | 53.00 | OK | |
| r-oldrel-macos-arm64 | 1.0 | 1.00 | 20.00 | 21.00 | OK | |
| r-oldrel-macos-x86_64 | 1.0 | 2.00 | 23.00 | 25.00 | OK | |
| r-oldrel-windows-x86_64 | 1.0 | 3.00 | 44.00 | 47.00 | OK | 
Version: 1.0
Check: CRAN incoming feasibility
Result: NOTE
  Maintainer: ‘Emanuele Cordano <emanuele.cordano@gmail.com>’
  
  No Authors@R field in DESCRIPTION.
  Please add one, modifying
    Authors@R: person(given = "Emanuele",
                      family = "Cordano",
                      role = c("aut", "cre"),
                      email = "emanuele.cordano@gmail.com")
  as necessary.
  
  The Description field contains
    (http://en.wikipedia.org/wiki/Block_matrix). The block matrix is here
  Please enclose URLs in angle brackets (<...>).
Flavors: r-devel-linux-x86_64-debian-clang, r-devel-linux-x86_64-debian-gcc