Last updated on 2025-10-31 02:50:26 CET.
| Flavor | Version | Tinstall | Tcheck | Ttotal | Status | Flags | 
|---|---|---|---|---|---|---|
| r-devel-linux-x86_64-debian-clang | 1.1.5 | 70.53 | 53.01 | 123.54 | NOTE | |
| r-devel-linux-x86_64-debian-gcc | 1.1.5 | 47.72 | 38.89 | 86.61 | NOTE | |
| r-devel-linux-x86_64-fedora-clang | 1.1.5 | 282.00 | -61.00 | 221.00 | OK | |
| r-devel-linux-x86_64-fedora-gcc | 1.1.5 | 147.00 | 66.21 | 213.21 | OK | |
| r-devel-windows-x86_64 | 1.1.5 | 76.00 | 85.00 | 161.00 | OK | |
| r-patched-linux-x86_64 | 1.1.5 | 69.92 | 50.08 | 120.00 | OK | |
| r-release-linux-x86_64 | 1.1.5 | 69.99 | 49.81 | 119.80 | OK | |
| r-release-macos-arm64 | 1.1.5 | 32.00 | 33.00 | 65.00 | OK | |
| r-release-macos-x86_64 | 1.1.5 | 80.00 | 49.00 | 129.00 | OK | |
| r-release-windows-x86_64 | 1.1.5 | 75.00 | 87.00 | 162.00 | OK | |
| r-oldrel-macos-arm64 | 1.1.5 | 26.00 | 26.00 | 52.00 | NOTE | |
| r-oldrel-macos-x86_64 | 1.1.5 | 47.00 | 37.00 | 84.00 | NOTE | |
| r-oldrel-windows-x86_64 | 1.1.5 | 87.00 | 112.00 | 199.00 | OK | 
Version: 1.1.5
Check: CRAN incoming feasibility
Result: NOTE
  Maintainer: ‘Jean-Benoist Leger <jbleger@hds.utc.fr>’
  
  No Authors@R field in DESCRIPTION.
  Please add one, modifying
    Authors@R: c(person(given = "Jean-Benoist",
                        family = "Leger",
                        role = c("aut", "cre"),
                        email = "jbleger@hds.utc.fr"),
                 person(given = "Pierre",
                        family = "Barbillon",
                        role = "aut",
                        email = "pierre.barbillon@agroparistech.fr"),
                 person(given = "Julien",
                        family = "Chiquet",
                        role = "aut",
                        email = "julien.chiquet@inrae.fr"))
  as necessary.
Flavors: r-devel-linux-x86_64-debian-clang, r-devel-linux-x86_64-debian-gcc
Version: 1.1.5
Check: installed package size
Result: NOTE
    installed size is 13.6Mb
    sub-directories of 1Mb or more:
      libs  13.1Mb
Flavors: r-oldrel-macos-arm64, r-oldrel-macos-x86_64