Last updated on 2025-10-31 02:50:26 CET.
| Flavor | Version | Tinstall | Tcheck | Ttotal | Status | Flags | 
|---|---|---|---|---|---|---|
| r-devel-linux-x86_64-debian-clang | 1.1.8-2 | 3.94 | 33.18 | 37.12 | NOTE | |
| r-devel-linux-x86_64-debian-gcc | 1.1.8-2 | 2.99 | 24.64 | 27.63 | NOTE | |
| r-devel-linux-x86_64-fedora-clang | 1.1.8-2 | 21.00 | 38.13 | 59.13 | NOTE | |
| r-devel-linux-x86_64-fedora-gcc | 1.1.8-2 | 52.65 | NOTE | |||
| r-devel-windows-x86_64 | 1.1.8-2 | 5.00 | 56.00 | 61.00 | NOTE | |
| r-patched-linux-x86_64 | 1.1.8-2 | 4.64 | 30.90 | 35.54 | NOTE | |
| r-release-linux-x86_64 | 1.1.8-2 | 3.81 | 31.57 | 35.38 | NOTE | |
| r-release-macos-arm64 | 1.1.8-2 | 2.00 | 19.00 | 21.00 | NOTE | |
| r-release-macos-x86_64 | 1.1.8-2 | 3.00 | 29.00 | 32.00 | NOTE | |
| r-release-windows-x86_64 | 1.1.8-2 | 5.00 | 61.00 | 66.00 | NOTE | |
| r-oldrel-macos-arm64 | 1.1.8-2 | 2.00 | 23.00 | 25.00 | NOTE | |
| r-oldrel-macos-x86_64 | 1.1.8-2 | 3.00 | 24.00 | 27.00 | NOTE | |
| r-oldrel-windows-x86_64 | 1.1.8-2 | 6.00 | 56.00 | 62.00 | NOTE | 
Version: 1.1.8-2
Check: CRAN incoming feasibility
Result: NOTE
  Maintainer: ‘Brian J. Smith <brian-j-smith@uiowa.edu>’
  
  Package CITATION file contains call(s) to old-style personList() or
  as.personList().  Please use c() on person objects instead.
  Package CITATION file contains call(s) to old-style citEntry().  Please
  use bibentry() instead.
Flavors: r-devel-linux-x86_64-debian-clang, r-devel-linux-x86_64-debian-gcc
Version: 1.1.8-2
Check: Rd files
Result: NOTE
  checkRd: (-1) boa.chain.collapse.Rd:20: Lost braces
      20 | \seealso{ code{\link{boa.chain.reset}}, code{\link{boa.chain.subset}} }
         |               ^
  checkRd: (-1) boa.chain.collapse.Rd:20: Lost braces
      20 | \seealso{ code{\link{boa.chain.reset}}, code{\link{boa.chain.subset}} }
         |                                             ^
Flavors: r-devel-linux-x86_64-debian-clang, r-devel-linux-x86_64-debian-gcc, r-devel-linux-x86_64-fedora-clang, r-devel-linux-x86_64-fedora-gcc, r-devel-windows-x86_64, r-patched-linux-x86_64, r-release-linux-x86_64, r-release-macos-arm64, r-release-macos-x86_64, r-release-windows-x86_64, r-oldrel-macos-arm64, r-oldrel-macos-x86_64, r-oldrel-windows-x86_64