Last updated on 2025-10-31 02:50:26 CET.
| Flavor | Version | Tinstall | Tcheck | Ttotal | Status | Flags | 
|---|---|---|---|---|---|---|
| r-devel-linux-x86_64-debian-clang | 0.1 | 17.45 | 151.39 | 168.84 | OK | |
| r-devel-linux-x86_64-debian-gcc | 0.1 | 13.00 | 112.52 | 125.52 | OK | |
| r-devel-linux-x86_64-fedora-clang | 0.1 | 72.00 | 215.70 | 287.70 | OK | |
| r-devel-linux-x86_64-fedora-gcc | 0.1 | 36.00 | 226.02 | 262.02 | OK | |
| r-devel-windows-x86_64 | 0.1 | 18.00 | 158.00 | 176.00 | OK | |
| r-patched-linux-x86_64 | 0.1 | 18.32 | 146.85 | 165.17 | OK | |
| r-release-linux-x86_64 | 0.1 | 17.14 | 146.34 | 163.48 | OK | |
| r-release-macos-arm64 | 0.1 | 14.00 | 91.00 | 105.00 | OK | |
| r-release-macos-x86_64 | 0.1 | 18.00 | 115.00 | 133.00 | OK | |
| r-release-windows-x86_64 | 0.1 | 19.00 | 161.00 | 180.00 | OK | |
| r-oldrel-macos-arm64 | 0.1 | 14.00 | 94.00 | 108.00 | NOTE | |
| r-oldrel-macos-x86_64 | 0.1 | 17.00 | 130.00 | 147.00 | NOTE | |
| r-oldrel-windows-x86_64 | 0.1 | 22.00 | 192.00 | 214.00 | NOTE | 
Version: 0.1
Check: package dependencies
Result: NOTE
  Depends: includes the non-default packages:
    'tseries', 'fGarch', 'timeSeries', 'timeDate', 'fBasics', 'geoR'
  Adding so many packages to the search path is excessive and importing
  selectively is preferable.
Flavors: r-oldrel-macos-arm64, r-oldrel-macos-x86_64, r-oldrel-windows-x86_64