Last updated on 2025-10-31 02:50:26 CET.
| Flavor | Version | Tinstall | Tcheck | Ttotal | Status | Flags | 
|---|---|---|---|---|---|---|
| r-devel-linux-x86_64-debian-clang | 2019.6 | 3.03 | 34.38 | 37.41 | NOTE | |
| r-devel-linux-x86_64-debian-gcc | 2019.6 | 2.29 | 25.86 | 28.15 | NOTE | |
| r-devel-linux-x86_64-fedora-clang | 2019.6 | 56.36 | OK | |||
| r-devel-linux-x86_64-fedora-gcc | 2019.6 | 12.00 | 41.69 | 53.69 | OK | |
| r-devel-windows-x86_64 | 2019.6 | 6.00 | 56.00 | 62.00 | OK | |
| r-patched-linux-x86_64 | 2019.6 | 3.20 | 32.82 | 36.02 | OK | |
| r-release-linux-x86_64 | 2019.6 | 2.69 | 33.24 | 35.93 | OK | |
| r-release-macos-arm64 | 2019.6 | 3.00 | 17.00 | 20.00 | OK | |
| r-release-macos-x86_64 | 2019.6 | 6.00 | 49.00 | 55.00 | OK | |
| r-release-windows-x86_64 | 2019.6 | 8.00 | 61.00 | 69.00 | OK | |
| r-oldrel-macos-arm64 | 2019.6 | 3.00 | 23.00 | 26.00 | OK | |
| r-oldrel-macos-x86_64 | 2019.6 | 3.00 | 28.00 | 31.00 | OK | |
| r-oldrel-windows-x86_64 | 2019.6 | 7.00 | 55.00 | 62.00 | OK | 
Version: 2019.6
Check: CRAN incoming feasibility
Result: NOTE
  Maintainer: ‘Scott Kostyshak <scott.kostyshak@gmail.com>’
  
  No Authors@R field in DESCRIPTION.
  Please add one, modifying
    Authors@R: c(person(given = "S",
                        family = "original",
                        role = "aut"),
                 person(given = "from",
                        family = "StatLib",
                        role = "aut"),
                 person(given = c("by", "Rob", "Tibshirani.", "R", "port", "by", "Friedrich"),
                        family = "Leisch.",
                        role = "aut"),
                 person(given = "Scott",
                        family = "Kostyshak",
                        role = "cre",
                        email = "scott.kostyshak@gmail.com"))
  as necessary.
Flavors: r-devel-linux-x86_64-debian-clang, r-devel-linux-x86_64-debian-gcc