Last updated on 2025-10-31 02:50:26 CET.
| Flavor | Version | Tinstall | Tcheck | Ttotal | Status | Flags | 
|---|---|---|---|---|---|---|
| r-devel-linux-x86_64-debian-clang | 2.1.0 | 12.81 | 126.45 | 139.26 | NOTE | |
| r-devel-linux-x86_64-debian-gcc | 2.1.0 | 7.53 | 85.64 | 93.17 | NOTE | |
| r-devel-linux-x86_64-fedora-clang | 2.1.0 | 32.00 | 179.99 | 211.99 | NOTE | |
| r-devel-linux-x86_64-fedora-gcc | 2.1.0 | 25.00 | 199.58 | 224.58 | NOTE | |
| r-devel-windows-x86_64 | 2.1.0 | 14.00 | 123.00 | 137.00 | NOTE | |
| r-patched-linux-x86_64 | 2.1.0 | 13.00 | 116.24 | 129.24 | NOTE | |
| r-release-linux-x86_64 | 2.1.0 | 10.66 | 118.12 | 128.78 | NOTE | |
| r-release-macos-arm64 | 2.1.0 | 5.00 | 62.00 | 67.00 | NOTE | |
| r-release-macos-x86_64 | 2.1.0 | 14.00 | 142.00 | 156.00 | NOTE | |
| r-release-windows-x86_64 | 2.1.0 | 17.00 | 124.00 | 141.00 | NOTE | |
| r-oldrel-macos-arm64 | 2.1.0 | 6.00 | 48.00 | 54.00 | NOTE | |
| r-oldrel-macos-x86_64 | 2.1.0 | 17.00 | 107.00 | 124.00 | NOTE | |
| r-oldrel-windows-x86_64 | 2.1.0 | 20.00 | 157.00 | 177.00 | NOTE | 
Version: 2.1.0
Check: Rd files
Result: NOTE
  checkRd: (-1) bp_rats.Rd:41: Escaped LaTeX specials: \&
  checkRd: (-1) bp_sv.Rd:75: Lost braces; missing escapes or markup?
      75 | $$SV = sqrt(sum(x_{i+1} - x_i)^2/n-1)$$
         |                   ^
  checkRd: (-1) bp_sv.Rd:80: Lost braces; missing escapes or markup?
      80 | $$SD = sqrt(sum(x_{i+1} - xbar)^2/n-1)$$
         |                   ^
  checkRd: (-1) sv.Rd:78: Lost braces; missing escapes or markup?
      78 | $$SV = sqrt(sum(x_{i+1} - x_i)^2/n-1)$$
         |                   ^
  checkRd: (-1) sv.Rd:82: Lost braces; missing escapes or markup?
      82 | $$SD = sqrt(sum(x_{i+1} - xbar)^2/n-1)$$
         |                   ^
Flavors: r-devel-linux-x86_64-debian-clang, r-devel-linux-x86_64-debian-gcc, r-devel-linux-x86_64-fedora-clang, r-devel-linux-x86_64-fedora-gcc, r-devel-windows-x86_64, r-patched-linux-x86_64, r-release-linux-x86_64, r-release-macos-arm64, r-release-macos-x86_64, r-release-windows-x86_64, r-oldrel-macos-arm64, r-oldrel-macos-x86_64, r-oldrel-windows-x86_64
Version: 2.1.0
Check: Rd cross-references
Result: NOTE
  Found the following Rd file(s) with Rd \link{} targets missing package
  anchors:
    bp_report.Rd: grid.arrange
  Please provide package anchors for all Rd \link{} targets not in the
  package itself and the base packages.
Flavors: r-devel-linux-x86_64-debian-clang, r-devel-linux-x86_64-debian-gcc, r-devel-windows-x86_64, r-patched-linux-x86_64, r-release-linux-x86_64, r-release-windows-x86_64
Version: 2.1.0
Check: installed package size
Result: NOTE
    installed size is  5.0Mb
    sub-directories of 1Mb or more:
      data   4.4Mb
Flavor: r-oldrel-macos-x86_64