Last updated on 2025-10-31 02:50:26 CET.
| Flavor | Version | Tinstall | Tcheck | Ttotal | Status | Flags | 
|---|---|---|---|---|---|---|
| r-devel-linux-x86_64-debian-clang | 1.2 | 8.42 | 80.32 | 88.74 | NOTE | |
| r-devel-linux-x86_64-debian-gcc | 1.2 | 7.00 | 58.46 | 65.46 | NOTE | |
| r-devel-linux-x86_64-fedora-clang | 1.2 | 20.00 | 117.50 | 137.50 | OK | |
| r-devel-linux-x86_64-fedora-gcc | 1.2 | 22.00 | 107.02 | 129.02 | OK | |
| r-devel-windows-x86_64 | 1.2 | 11.00 | 91.00 | 102.00 | OK | |
| r-patched-linux-x86_64 | 1.2 | 8.40 | 76.20 | 84.60 | OK | |
| r-release-linux-x86_64 | 1.2 | 9.74 | 76.24 | 85.98 | OK | |
| r-release-macos-arm64 | 1.2 | 4.00 | 38.00 | 42.00 | OK | |
| r-release-macos-x86_64 | 1.2 | 11.00 | 85.00 | 96.00 | OK | |
| r-release-windows-x86_64 | 1.2 | 12.00 | 93.00 | 105.00 | OK | |
| r-oldrel-macos-arm64 | 1.2 | 5.00 | 36.00 | 41.00 | OK | |
| r-oldrel-macos-x86_64 | 1.2 | 12.00 | 87.00 | 99.00 | OK | |
| r-oldrel-windows-x86_64 | 1.2 | 14.00 | 113.00 | 127.00 | OK | 
Version: 1.2
Check: CRAN incoming feasibility
Result: NOTE
  Maintainer: ‘Paola Rebora <paola.rebora@unimib.it>’
  
  No Authors@R field in DESCRIPTION.
  Please add one, modifying
    Authors@R: c(person(given = c("Paola", "Rebora,Agus"),
                        family = "Salim",
                        role = "aut"),
                 person(given = "Marie",
                        family = "Reilly",
                        role = "aut"),
                 person(given = "Paola",
                        family = "Rebora",
                        role = "cre",
                        email = "paola.rebora@unimib.it"))
  as necessary.
Flavors: r-devel-linux-x86_64-debian-clang, r-devel-linux-x86_64-debian-gcc