Last updated on 2025-10-30 02:48:58 CET.
| Flavor | Version | Tinstall | Tcheck | Ttotal | Status | Flags | 
|---|---|---|---|---|---|---|
| r-devel-linux-x86_64-debian-clang | 1.2-8 | 3.76 | 54.18 | 57.94 | NOTE | |
| r-devel-linux-x86_64-debian-gcc | 1.2-8 | 3.38 | 39.64 | 43.02 | NOTE | |
| r-devel-linux-x86_64-fedora-clang | 1.2-8 | 84.62 | OK | |||
| r-devel-linux-x86_64-fedora-gcc | 1.2-8 | 94.62 | OK | |||
| r-devel-windows-x86_64 | 1.2-8 | 7.00 | 89.00 | 96.00 | OK | |
| r-patched-linux-x86_64 | 1.2-8 | 5.37 | 50.95 | 56.32 | OK | |
| r-release-linux-x86_64 | 1.2-8 | 3.69 | 51.28 | 54.97 | OK | |
| r-release-macos-arm64 | 1.2-8 | 2.00 | 33.00 | 35.00 | OK | |
| r-release-macos-x86_64 | 1.2-8 | 6.00 | 87.00 | 93.00 | OK | |
| r-release-windows-x86_64 | 1.2-8 | 6.00 | 94.00 | 100.00 | OK | |
| r-oldrel-macos-arm64 | 1.2-8 | 2.00 | 34.00 | 36.00 | OK | |
| r-oldrel-macos-x86_64 | 1.2-8 | 5.00 | 77.00 | 82.00 | OK | |
| r-oldrel-windows-x86_64 | 1.2-8 | 7.00 | 102.00 | 109.00 | OK | 
Version: 1.2-8
Check: CRAN incoming feasibility
Result: NOTE
  Maintainer: ‘Robin K. S. Hankin <hankin.robin@gmail.com>’
  
  Package CITATION file contains call(s) to old-style citEntry().  Please
  use bibentry() instead.
Flavors: r-devel-linux-x86_64-debian-clang, r-devel-linux-x86_64-debian-gcc