Last updated on 2025-10-31 02:50:27 CET.
| Flavor | Version | Tinstall | Tcheck | Ttotal | Status | Flags | 
|---|---|---|---|---|---|---|
| r-devel-linux-x86_64-debian-clang | 0.4.9 | 2.40 | 22.59 | 24.99 | NOTE | |
| r-devel-linux-x86_64-debian-gcc | 0.4.9 | 1.61 | 18.23 | 19.84 | NOTE | |
| r-devel-linux-x86_64-fedora-clang | 0.4.9 | 36.29 | NOTE | |||
| r-devel-linux-x86_64-fedora-gcc | 0.4.9 | 34.91 | NOTE | |||
| r-devel-windows-x86_64 | 0.4.9 | 4.00 | 41.00 | 45.00 | NOTE | |
| r-patched-linux-x86_64 | 0.4.9 | 2.30 | 21.19 | 23.49 | NOTE | |
| r-release-linux-x86_64 | 0.4.9 | 2.18 | 21.03 | 23.21 | NOTE | |
| r-release-macos-arm64 | 0.4.9 | 1.00 | 16.00 | 17.00 | NOTE | |
| r-release-macos-x86_64 | 0.4.9 | 2.00 | 24.00 | 26.00 | NOTE | |
| r-release-windows-x86_64 | 0.4.9 | 4.00 | 44.00 | 48.00 | NOTE | |
| r-oldrel-macos-arm64 | 0.4.9 | 2.00 | 19.00 | 21.00 | NOTE | |
| r-oldrel-macos-x86_64 | 0.4.9 | 2.00 | 21.00 | 23.00 | NOTE | |
| r-oldrel-windows-x86_64 | 0.4.9 | 4.00 | 48.00 | 52.00 | NOTE | 
Version: 0.4.9
Check: Rd files
Result: NOTE
  checkRd: (-1) build_for_cran.Rd:13: Lost braces
      13 | The exit status code{R CMD build}, invisibly.
         |                     ^
Flavors: r-devel-linux-x86_64-debian-clang, r-devel-linux-x86_64-debian-gcc, r-devel-linux-x86_64-fedora-clang, r-devel-linux-x86_64-fedora-gcc, r-devel-windows-x86_64, r-patched-linux-x86_64, r-release-linux-x86_64, r-release-macos-arm64, r-release-macos-x86_64, r-release-windows-x86_64, r-oldrel-macos-arm64, r-oldrel-macos-x86_64, r-oldrel-windows-x86_64