Last updated on 2025-10-30 02:48:58 CET.
| Flavor | Version | Tinstall | Tcheck | Ttotal | Status | Flags | 
|---|---|---|---|---|---|---|
| r-devel-linux-x86_64-debian-clang | 0.1.0 | 2.28 | 33.90 | 36.18 | OK | |
| r-devel-linux-x86_64-debian-gcc | 0.1.0 | 1.68 | 27.46 | 29.14 | OK | |
| r-devel-linux-x86_64-fedora-clang | 0.1.0 | 55.48 | NOTE | |||
| r-devel-linux-x86_64-fedora-gcc | 0.1.0 | 67.64 | NOTE | |||
| r-devel-windows-x86_64 | 0.1.0 | 4.00 | 56.00 | 60.00 | OK | |
| r-patched-linux-x86_64 | 0.1.0 | 2.79 | 31.66 | 34.45 | OK | |
| r-release-linux-x86_64 | 0.1.0 | 2.24 | 31.80 | 34.04 | OK | |
| r-release-macos-arm64 | 0.1.0 | 1.00 | 26.00 | 27.00 | OK | |
| r-release-macos-x86_64 | 0.1.0 | 2.00 | 47.00 | 49.00 | OK | |
| r-release-windows-x86_64 | 0.1.0 | 4.00 | 57.00 | 61.00 | OK | |
| r-oldrel-macos-arm64 | 0.1.0 | 1.00 | 24.00 | 25.00 | NOTE | |
| r-oldrel-macos-x86_64 | 0.1.0 | 2.00 | 36.00 | 38.00 | NOTE | |
| r-oldrel-windows-x86_64 | 0.1.0 | 5.00 | 65.00 | 70.00 | NOTE | 
Version: 0.1.0
Check: dependencies in R code
Result: NOTE
  Namespace in Imports field not imported from: ‘tidyverse’
    All declared Imports should be used.
Flavors: r-devel-linux-x86_64-fedora-clang, r-devel-linux-x86_64-fedora-gcc
Version: 0.1.0
Check: LazyData
Result: NOTE
    'LazyData' is specified without a 'data' directory
Flavors: r-oldrel-macos-arm64, r-oldrel-macos-x86_64, r-oldrel-windows-x86_64