Last updated on 2025-10-31 02:50:27 CET.
| Flavor | Version | Tinstall | Tcheck | Ttotal | Status | Flags | 
|---|---|---|---|---|---|---|
| r-devel-linux-x86_64-debian-clang | 4.1 | 2.76 | 28.31 | 31.07 | NOTE | |
| r-devel-linux-x86_64-debian-gcc | 4.1 | 2.14 | 22.47 | 24.61 | NOTE | |
| r-devel-linux-x86_64-fedora-clang | 4.1 | 45.49 | OK | |||
| r-devel-linux-x86_64-fedora-gcc | 4.1 | 42.81 | OK | |||
| r-devel-windows-x86_64 | 4.1 | 4.00 | 50.00 | 54.00 | OK | |
| r-patched-linux-x86_64 | 4.1 | 3.55 | 26.69 | 30.24 | OK | |
| r-release-linux-x86_64 | 4.1 | 2.47 | 26.52 | 28.99 | OK | |
| r-release-macos-arm64 | 4.1 | 2.00 | 16.00 | 18.00 | OK | |
| r-release-macos-x86_64 | 4.1 | 2.00 | 37.00 | 39.00 | OK | |
| r-release-windows-x86_64 | 4.1 | 4.00 | 54.00 | 58.00 | OK | |
| r-oldrel-macos-arm64 | 4.1 | 1.00 | 24.00 | 25.00 | OK | |
| r-oldrel-macos-x86_64 | 4.1 | 2.00 | 30.00 | 32.00 | OK | |
| r-oldrel-windows-x86_64 | 4.1 | 4.00 | 56.00 | 60.00 | OK | 
Version: 4.1
Check: CRAN incoming feasibility
Result: NOTE
  Maintainer: ‘Carl Witthoft <cellocgw@gmail.com>’
  
  No Authors@R field in DESCRIPTION.
  Please add one, modifying
    Authors@R: person(given = "Carl",
                      family = "Witthoft",
                      role = c("aut", "cre"),
                      email = "cellocgw@gmail.com")
  as necessary.
Flavors: r-devel-linux-x86_64-debian-clang, r-devel-linux-x86_64-debian-gcc