Last updated on 2025-10-31 02:50:27 CET.
| Flavor | Version | Tinstall | Tcheck | Ttotal | Status | Flags | 
|---|---|---|---|---|---|---|
| r-devel-linux-x86_64-debian-clang | 3.2-5 | 10.18 | 105.03 | 115.21 | ERROR | |
| r-devel-linux-x86_64-debian-gcc | 3.2-5 | 8.27 | 73.00 | 81.27 | ERROR | |
| r-devel-linux-x86_64-fedora-clang | 3.2-5 | 21.00 | 152.58 | 173.58 | ERROR | |
| r-devel-linux-x86_64-fedora-gcc | 3.2-5 | 22.00 | 161.23 | 183.23 | ERROR | |
| r-devel-windows-x86_64 | 3.2-5 | 13.00 | 109.00 | 122.00 | ERROR | |
| r-patched-linux-x86_64 | 3.2-5 | 9.83 | 96.03 | 105.86 | ERROR | |
| r-release-linux-x86_64 | 3.2-5 | 9.14 | 96.03 | 105.17 | ERROR | |
| r-release-macos-arm64 | 3.2-5 | 5.00 | 64.00 | 69.00 | NOTE | |
| r-release-macos-x86_64 | 3.2-5 | 8.00 | 86.00 | 94.00 | NOTE | |
| r-release-windows-x86_64 | 3.2-5 | 14.00 | 108.00 | 122.00 | ERROR | |
| r-oldrel-macos-arm64 | 3.2-5 | 4.00 | 44.00 | 48.00 | NOTE | |
| r-oldrel-macos-x86_64 | 3.2-5 | 7.00 | 66.00 | 73.00 | NOTE | |
| r-oldrel-windows-x86_64 | 3.2-5 | 17.00 | 171.00 | 188.00 | ERROR | 
Version: 3.2-5
Check: Rd files
Result: NOTE
  checkRd: (-1) cf_save_kml.Rd:68: Lost braces
      68 | \code{\link{cf_find_station}} and code{vignette("choose-station")} for
         |                                       ^
Flavors: r-devel-linux-x86_64-debian-clang, r-devel-linux-x86_64-debian-gcc, r-devel-linux-x86_64-fedora-clang, r-devel-linux-x86_64-fedora-gcc, r-devel-windows-x86_64, r-patched-linux-x86_64, r-release-linux-x86_64, r-release-macos-arm64, r-release-macos-x86_64, r-release-windows-x86_64, r-oldrel-macos-arm64, r-oldrel-macos-x86_64, r-oldrel-windows-x86_64
Version: 3.2-5
Check: tests
Result: ERROR
    Running ‘spelling.R’ [0s/1s]
    Running ‘test-all.R’ [3s/5s]
  Running the tests in ‘tests/test-all.R’ failed.
  Complete output:
    > library(testthat)
    > library(clifro)
    > 
    > test_check("clifro")
    [ FAIL 1 | WARN 1 | SKIP 4 | PASS 10 ]
    
    ══ Skipped tests (4) ═══════════════════════════════════════════════════════════
    • On CRAN (4): 'test-cf_find_station.R:4:3', 'test-cf_last_query.R:4:3',
      'test-cf_query.R:4:3', 'test-cf_station.R:4:3'
    
    ══ Failed tests ════════════════════════════════════════════════════════════════
    ── Failure ('test-windrose.R:15:3'): windrose ──────────────────────────────────
    tt$labels inherits from `'ggplot2::labels'/'gg'/'S7_object'` not `'character'`.
    
    [ FAIL 1 | WARN 1 | SKIP 4 | PASS 10 ]
    Error: Test failures
    Execution halted
Flavor: r-devel-linux-x86_64-debian-clang
Version: 3.2-5
Check: tests
Result: ERROR
    Running ‘spelling.R’ [0s/0s]
    Running ‘test-all.R’ [2s/3s]
  Running the tests in ‘tests/test-all.R’ failed.
  Complete output:
    > library(testthat)
    > library(clifro)
    > 
    > test_check("clifro")
    [ FAIL 1 | WARN 1 | SKIP 4 | PASS 10 ]
    
    ══ Skipped tests (4) ═══════════════════════════════════════════════════════════
    • On CRAN (4): 'test-cf_find_station.R:4:3', 'test-cf_last_query.R:4:3',
      'test-cf_query.R:4:3', 'test-cf_station.R:4:3'
    
    ══ Failed tests ════════════════════════════════════════════════════════════════
    ── Failure ('test-windrose.R:15:3'): windrose ──────────────────────────────────
    tt$labels inherits from `'ggplot2::labels'/'gg'/'S7_object'` not `'character'`.
    
    [ FAIL 1 | WARN 1 | SKIP 4 | PASS 10 ]
    Error: Test failures
    Execution halted
Flavor: r-devel-linux-x86_64-debian-gcc
Version: 3.2-5
Check: tests
Result: ERROR
    Running ‘spelling.R’
    Running ‘test-all.R’
  Running the tests in ‘tests/test-all.R’ failed.
  Complete output:
    > library(testthat)
    > library(clifro)
    > 
    > test_check("clifro")
    [ FAIL 1 | WARN 1 | SKIP 4 | PASS 10 ]
    
    ══ Skipped tests (4) ═══════════════════════════════════════════════════════════
    • On CRAN (4): 'test-cf_find_station.R:4:3', 'test-cf_last_query.R:4:3',
      'test-cf_query.R:4:3', 'test-cf_station.R:4:3'
    
    ══ Failed tests ════════════════════════════════════════════════════════════════
    ── Failure ('test-windrose.R:15:3'): windrose ──────────────────────────────────
    tt$labels inherits from `'ggplot2::labels'/'gg'/'S7_object'` not `'character'`.
    
    [ FAIL 1 | WARN 1 | SKIP 4 | PASS 10 ]
    Error: Test failures
    Execution halted
Flavors: r-devel-linux-x86_64-fedora-clang, r-devel-linux-x86_64-fedora-gcc
Version: 3.2-5
Check: tests
Result: ERROR
    Running 'spelling.R' [0s]
    Running 'test-all.R' [3s]
  Running the tests in 'tests/test-all.R' failed.
  Complete output:
    > library(testthat)
    > library(clifro)
    > 
    > test_check("clifro")
    [ FAIL 1 | WARN 1 | SKIP 4 | PASS 10 ]
    
    ══ Skipped tests (4) ═══════════════════════════════════════════════════════════
    • On CRAN (4): 'test-cf_find_station.R:4:3', 'test-cf_last_query.R:4:3',
      'test-cf_query.R:4:3', 'test-cf_station.R:4:3'
    
    ══ Failed tests ════════════════════════════════════════════════════════════════
    ── Failure ('test-windrose.R:15:3'): windrose ──────────────────────────────────
    tt$labels inherits from `'ggplot2::labels'/'gg'/'S7_object'` not `'character'`.
    
    [ FAIL 1 | WARN 1 | SKIP 4 | PASS 10 ]
    Error: Test failures
    Execution halted
Flavor: r-devel-windows-x86_64
Version: 3.2-5
Check: tests
Result: ERROR
    Running ‘spelling.R’ [0s/0s]
    Running ‘test-all.R’ [3s/4s]
  Running the tests in ‘tests/test-all.R’ failed.
  Complete output:
    > library(testthat)
    > library(clifro)
    > 
    > test_check("clifro")
    [ FAIL 1 | WARN 1 | SKIP 4 | PASS 10 ]
    
    ══ Skipped tests (4) ═══════════════════════════════════════════════════════════
    • On CRAN (4): 'test-cf_find_station.R:4:3', 'test-cf_last_query.R:4:3',
      'test-cf_query.R:4:3', 'test-cf_station.R:4:3'
    
    ══ Failed tests ════════════════════════════════════════════════════════════════
    ── Failure ('test-windrose.R:15:3'): windrose ──────────────────────────────────
    tt$labels inherits from `'ggplot2::labels'/'gg'/'S7_object'` not `'character'`.
    
    [ FAIL 1 | WARN 1 | SKIP 4 | PASS 10 ]
    Error: Test failures
    Execution halted
Flavor: r-patched-linux-x86_64
Version: 3.2-5
Check: tests
Result: ERROR
    Running ‘spelling.R’ [0s/0s]
    Running ‘test-all.R’ [3s/5s]
  Running the tests in ‘tests/test-all.R’ failed.
  Complete output:
    > library(testthat)
    > library(clifro)
    > 
    > test_check("clifro")
    [ FAIL 1 | WARN 1 | SKIP 4 | PASS 10 ]
    
    ══ Skipped tests (4) ═══════════════════════════════════════════════════════════
    • On CRAN (4): 'test-cf_find_station.R:4:3', 'test-cf_last_query.R:4:3',
      'test-cf_query.R:4:3', 'test-cf_station.R:4:3'
    
    ══ Failed tests ════════════════════════════════════════════════════════════════
    ── Failure ('test-windrose.R:15:3'): windrose ──────────────────────────────────
    tt$labels inherits from `'ggplot2::labels'/'gg'/'S7_object'` not `'character'`.
    
    [ FAIL 1 | WARN 1 | SKIP 4 | PASS 10 ]
    Error: Test failures
    Execution halted
Flavor: r-release-linux-x86_64
Version: 3.2-5
Check: tests
Result: ERROR
    Running 'spelling.R' [0s]
    Running 'test-all.R' [2s]
  Running the tests in 'tests/test-all.R' failed.
  Complete output:
    > library(testthat)
    > library(clifro)
    > 
    > test_check("clifro")
    [ FAIL 1 | WARN 1 | SKIP 4 | PASS 10 ]
    
    ══ Skipped tests (4) ═══════════════════════════════════════════════════════════
    • On CRAN (4): 'test-cf_find_station.R:4:3', 'test-cf_last_query.R:4:3',
      'test-cf_query.R:4:3', 'test-cf_station.R:4:3'
    
    ══ Failed tests ════════════════════════════════════════════════════════════════
    ── Failure ('test-windrose.R:15:3'): windrose ──────────────────────────────────
    tt$labels inherits from `'ggplot2::labels'/'gg'/'S7_object'` not `'character'`.
    
    [ FAIL 1 | WARN 1 | SKIP 4 | PASS 10 ]
    Error: Test failures
    Execution halted
Flavor: r-release-windows-x86_64
Version: 3.2-5
Check: tests
Result: ERROR
    Running 'spelling.R' [0s]
    Running 'test-all.R' [4s]
  Running the tests in 'tests/test-all.R' failed.
  Complete output:
    > library(testthat)
    > library(clifro)
    > 
    > test_check("clifro")
    [ FAIL 1 | WARN 1 | SKIP 4 | PASS 10 ]
    
    ══ Skipped tests (4) ═══════════════════════════════════════════════════════════
    • On CRAN (4): 'test-cf_find_station.R:4:3', 'test-cf_last_query.R:4:3',
      'test-cf_query.R:4:3', 'test-cf_station.R:4:3'
    
    ══ Failed tests ════════════════════════════════════════════════════════════════
    ── Failure ('test-windrose.R:15:3'): windrose ──────────────────────────────────
    tt$labels inherits from `'ggplot2::labels'/'gg'/'S7_object'` not `'character'`.
    
    [ FAIL 1 | WARN 1 | SKIP 4 | PASS 10 ]
    Error: Test failures
    Execution halted
Flavor: r-oldrel-windows-x86_64