Last updated on 2025-10-31 02:50:27 CET.
| Flavor | Version | Tinstall | Tcheck | Ttotal | Status | Flags | 
|---|---|---|---|---|---|---|
| r-devel-linux-x86_64-debian-clang | 0.5 | 4.10 | 37.94 | 42.04 | NOTE | |
| r-devel-linux-x86_64-debian-gcc | 0.5 | 2.79 | 28.93 | 31.72 | NOTE | |
| r-devel-linux-x86_64-fedora-clang | 0.5 | 63.59 | OK | |||
| r-devel-linux-x86_64-fedora-gcc | 0.5 | 75.83 | OK | |||
| r-devel-windows-x86_64 | 0.5 | 6.00 | 56.00 | 62.00 | OK | |
| r-patched-linux-x86_64 | 0.5 | 4.44 | 35.78 | 40.22 | OK | |
| r-release-linux-x86_64 | 0.5 | 3.06 | 36.14 | 39.20 | OK | |
| r-release-macos-arm64 | 0.5 | 2.00 | 29.00 | 31.00 | OK | |
| r-release-macos-x86_64 | 0.5 | 5.00 | 53.00 | 58.00 | OK | |
| r-release-windows-x86_64 | 0.5 | 8.00 | 58.00 | 66.00 | OK | |
| r-oldrel-macos-arm64 | 0.5 | 2.00 | 28.00 | 30.00 | NOTE | |
| r-oldrel-macos-x86_64 | 0.5 | 4.00 | 41.00 | 45.00 | NOTE | |
| r-oldrel-windows-x86_64 | 0.5 | 10.00 | 68.00 | 78.00 | NOTE | 
Version: 0.5
Check: CRAN incoming feasibility
Result: NOTE
  Maintainer: ‘Kauê de Sousa <desousa.kaue@gmail.com>’
  
  Package CITATION file contains call(s) to old-style citEntry().  Please
  use bibentry() instead.
Flavors: r-devel-linux-x86_64-debian-clang, r-devel-linux-x86_64-debian-gcc
Version: 0.5
Check: installed package size
Result: NOTE
    installed size is  5.5Mb
    sub-directories of 1Mb or more:
      data   3.4Mb
      doc    1.8Mb
Flavors: r-oldrel-macos-arm64, r-oldrel-macos-x86_64, r-oldrel-windows-x86_64