Last updated on 2025-10-30 02:48:58 CET.
| Flavor | Version | Tinstall | Tcheck | Ttotal | Status | Flags | 
|---|---|---|---|---|---|---|
| r-devel-linux-x86_64-debian-clang | 0.1.1 | 3.16 | 657.56 | 660.72 | NOTE | |
| r-devel-linux-x86_64-debian-gcc | 0.1.1 | 2.00 | 271.92 | 273.92 | NOTE | |
| r-devel-linux-x86_64-fedora-clang | 0.1.1 | 954.81 | OK | |||
| r-devel-linux-x86_64-fedora-gcc | 0.1.1 | 921.12 | OK | |||
| r-devel-windows-x86_64 | 0.1.1 | 4.00 | 45.00 | 49.00 | OK | --no-examples --no-tests --no-vignettes | 
| r-patched-linux-x86_64 | 0.1.1 | 3.18 | 563.16 | 566.34 | OK | |
| r-release-linux-x86_64 | 0.1.1 | 3.22 | 581.37 | 584.59 | OK | |
| r-release-macos-arm64 | 0.1.1 | 1.00 | 151.00 | 152.00 | OK | |
| r-release-macos-x86_64 | 0.1.1 | 3.00 | 535.00 | 538.00 | OK | |
| r-release-windows-x86_64 | 0.1.1 | 4.00 | 47.00 | 51.00 | OK | --no-examples --no-tests --no-vignettes | 
| r-oldrel-macos-arm64 | 0.1.1 | 1.00 | 140.00 | 141.00 | NOTE | |
| r-oldrel-macos-x86_64 | 0.1.1 | 2.00 | 440.00 | 442.00 | NOTE | |
| r-oldrel-windows-x86_64 | 0.1.1 | 6.00 | 41.00 | 47.00 | NOTE | --no-examples --no-tests --no-vignettes | 
Version: 0.1.1
Check: CRAN incoming feasibility
Result: NOTE
  Maintainer: ‘Evelina Gabasova <egabasova@gmail.com>’
  
  No Authors@R field in DESCRIPTION.
  Please add one, modifying
    Authors@R: person(given = "Evelina",
                      family = "Gabasova",
                      role = c("aut", "cre"),
                      email = "egabasova@gmail.com")
  as necessary.
Flavors: r-devel-linux-x86_64-debian-clang, r-devel-linux-x86_64-debian-gcc
Version: 0.1.1
Check: LazyData
Result: NOTE
    'LazyData' is specified without a 'data' directory
Flavors: r-oldrel-macos-arm64, r-oldrel-macos-x86_64
Version: 0.1.1
Flags: --no-examples --no-tests --no-vignettes
Check: LazyData
Result: NOTE
    'LazyData' is specified without a 'data' directory
Flavor: r-oldrel-windows-x86_64