Last updated on 2025-10-30 02:48:58 CET.
| Flavor | Version | Tinstall | Tcheck | Ttotal | Status | Flags | 
|---|---|---|---|---|---|---|
| r-devel-linux-x86_64-debian-clang | 0.2.3 | 0.30 | 2.76 | 3.06 | ERROR | |
| r-devel-linux-x86_64-debian-gcc | 0.2.3 | 0.27 | 2.38 | 2.65 | ERROR | |
| r-devel-linux-x86_64-fedora-clang | 0.2.3 | 2.82 | ERROR | |||
| r-devel-linux-x86_64-fedora-gcc | 0.2.3 | 2.49 | ERROR | |||
| r-devel-windows-x86_64 | 0.2.3 | 3.00 | 5.00 | 8.00 | ERROR | |
| r-patched-linux-x86_64 | 0.2.3 | 0.34 | 1.72 | 2.06 | ERROR | |
| r-release-linux-x86_64 | 0.2.3 | 0.35 | 1.78 | 2.13 | ERROR | |
| r-release-macos-arm64 | 0.2.3 | 3.00 | 48.00 | 51.00 | OK | |
| r-release-macos-x86_64 | 0.2.3 | 6.00 | 89.00 | 95.00 | OK | |
| r-release-windows-x86_64 | 0.2.3 | 5.00 | 5.00 | 10.00 | ERROR | |
| r-oldrel-macos-arm64 | 0.2.3 | 3.00 | 50.00 | 53.00 | OK | |
| r-oldrel-macos-x86_64 | 0.2.3 | 6.00 | 82.00 | 88.00 | OK | |
| r-oldrel-windows-x86_64 | 0.2.3 | 5.00 | 10.00 | 15.00 | ERROR | 
Version: 0.2.3
Check: package dependencies
Result: ERROR
  Package required but not available: ‘ggtern’
  
  See section ‘The DESCRIPTION file’ in the ‘Writing R Extensions’
  manual.
Flavors: r-devel-linux-x86_64-debian-clang, r-devel-linux-x86_64-debian-gcc, r-devel-linux-x86_64-fedora-clang, r-devel-linux-x86_64-fedora-gcc, r-patched-linux-x86_64, r-release-linux-x86_64
Version: 0.2.3
Check: whether package can be installed
Result: ERROR
  Installation failed.
Flavors: r-devel-windows-x86_64, r-release-windows-x86_64, r-oldrel-windows-x86_64