Last updated on 2025-10-31 02:50:27 CET.
| Flavor | Version | Tinstall | Tcheck | Ttotal | Status | Flags | 
|---|---|---|---|---|---|---|
| r-devel-linux-x86_64-debian-clang | 1.1.1 | 1.56 | 25.68 | 27.24 | OK | |
| r-devel-linux-x86_64-debian-gcc | 1.1.1 | 1.53 | 20.26 | 21.79 | OK | |
| r-devel-linux-x86_64-fedora-clang | 1.1.1 | 39.21 | NOTE | |||
| r-devel-linux-x86_64-fedora-gcc | 1.1.1 | 37.04 | NOTE | |||
| r-devel-windows-x86_64 | 1.1.1 | 3.00 | 41.00 | 44.00 | OK | |
| r-patched-linux-x86_64 | 1.1.1 | 1.94 | 22.86 | 24.80 | OK | |
| r-release-linux-x86_64 | 1.1.1 | 1.33 | 22.97 | 24.30 | OK | |
| r-release-macos-arm64 | 1.1.1 | 1.00 | 20.00 | 21.00 | OK | |
| r-release-macos-x86_64 | 1.1.1 | 2.00 | 24.00 | 26.00 | OK | |
| r-release-windows-x86_64 | 1.1.1 | 4.00 | 44.00 | 48.00 | OK | |
| r-oldrel-macos-arm64 | 1.1.1 | 1.00 | 15.00 | 16.00 | NOTE | |
| r-oldrel-macos-x86_64 | 1.1.1 | 1.00 | 21.00 | 22.00 | NOTE | |
| r-oldrel-windows-x86_64 | 1.1.1 | 4.00 | 49.00 | 53.00 | NOTE | 
Version: 1.1.1
Check: dependencies in R code
Result: NOTE
  Namespace in Imports field not imported from: ‘tibble’
    All declared Imports should be used.
Flavors: r-devel-linux-x86_64-fedora-clang, r-devel-linux-x86_64-fedora-gcc
Version: 1.1.1
Check: LazyData
Result: NOTE
    'LazyData' is specified without a 'data' directory
Flavors: r-oldrel-macos-arm64, r-oldrel-macos-x86_64, r-oldrel-windows-x86_64