Last updated on 2025-10-31 02:50:28 CET.
| Flavor | Version | Tinstall | Tcheck | Ttotal | Status | Flags | 
|---|---|---|---|---|---|---|
| r-devel-linux-x86_64-debian-clang | 0.6.10 | 1.56 | 23.89 | 25.45 | OK | |
| r-devel-linux-x86_64-debian-gcc | 0.6.10 | 1.34 | 19.76 | 21.10 | OK | |
| r-devel-linux-x86_64-fedora-clang | 0.6.10 | 38.07 | OK | |||
| r-devel-linux-x86_64-fedora-gcc | 0.6.10 | 50.29 | OK | |||
| r-devel-windows-x86_64 | 0.6.10 | 3.00 | 42.00 | 45.00 | OK | |
| r-patched-linux-x86_64 | 0.6.10 | 1.68 | 22.51 | 24.19 | OK | |
| r-release-linux-x86_64 | 0.6.10 | 1.74 | 22.49 | 24.23 | OK | |
| r-release-macos-arm64 | 0.6.10 | 1.00 | 22.00 | 23.00 | OK | |
| r-release-macos-x86_64 | 0.6.10 | 2.00 | 38.00 | 40.00 | OK | |
| r-release-windows-x86_64 | 0.6.10 | 5.00 | 46.00 | 51.00 | OK | |
| r-oldrel-macos-arm64 | 0.6.10 | 1.00 | 26.00 | 27.00 | NOTE | |
| r-oldrel-macos-x86_64 | 0.6.10 | 1.00 | 32.00 | 33.00 | NOTE | |
| r-oldrel-windows-x86_64 | 0.6.10 | 3.00 | 51.00 | 54.00 | NOTE | 
Version: 0.6.10
Check: LazyData
Result: NOTE
    'LazyData' is specified without a 'data' directory
Flavors: r-oldrel-macos-arm64, r-oldrel-macos-x86_64, r-oldrel-windows-x86_64