Last updated on 2025-10-31 02:50:28 CET.
| Flavor | Version | Tinstall | Tcheck | Ttotal | Status | Flags | 
|---|---|---|---|---|---|---|
| r-devel-linux-x86_64-debian-clang | 0.1.0 | 2.50 | 24.58 | 27.08 | NOTE | |
| r-devel-linux-x86_64-debian-gcc | 0.1.0 | 2.24 | 19.06 | 21.30 | NOTE | |
| r-devel-linux-x86_64-fedora-clang | 0.1.0 | 39.58 | OK | |||
| r-devel-linux-x86_64-fedora-gcc | 0.1.0 | 38.06 | OK | |||
| r-devel-windows-x86_64 | 0.1.0 | 4.00 | 42.00 | 46.00 | OK | |
| r-patched-linux-x86_64 | 0.1.0 | 2.69 | 23.29 | 25.98 | OK | |
| r-release-linux-x86_64 | 0.1.0 | 2.95 | 23.05 | 26.00 | OK | |
| r-release-macos-arm64 | 0.1.0 | 2.00 | 19.00 | 21.00 | OK | |
| r-release-macos-x86_64 | 0.1.0 | 4.00 | 35.00 | 39.00 | OK | |
| r-release-windows-x86_64 | 0.1.0 | 4.00 | 44.00 | 48.00 | OK | |
| r-oldrel-macos-arm64 | 0.1.0 | 1.00 | 16.00 | 17.00 | OK | |
| r-oldrel-macos-x86_64 | 0.1.0 | 2.00 | 22.00 | 24.00 | OK | |
| r-oldrel-windows-x86_64 | 0.1.0 | 5.00 | 48.00 | 53.00 | OK | 
Version: 0.1.0
Check: CRAN incoming feasibility
Result: NOTE
  Maintainer: ‘Simon Boge Brant <simbrant91@gmail.com>’
  
  The Description field contains
    via gradient boosting [Brant, Hobæk Haff (2022); <arXiv:2208.04669>].
  Please refer to arXiv e-prints via their arXiv DOI <doi:10.48550/arXiv.YYMM.NNNNN>.
Flavors: r-devel-linux-x86_64-debian-clang, r-devel-linux-x86_64-debian-gcc