Last updated on 2025-10-31 02:50:28 CET.
| Flavor | Version | Tinstall | Tcheck | Ttotal | Status | Flags | 
|---|---|---|---|---|---|---|
| r-devel-linux-x86_64-debian-clang | 1.1-3 | 2.03 | 18.79 | 20.82 | NOTE | |
| r-devel-linux-x86_64-debian-gcc | 1.1-3 | 1.48 | 15.68 | 17.16 | NOTE | |
| r-devel-linux-x86_64-fedora-clang | 1.1-3 | 29.18 | OK | |||
| r-devel-linux-x86_64-fedora-gcc | 1.1-3 | 28.50 | OK | |||
| r-devel-windows-x86_64 | 1.1-3 | 3.00 | 34.00 | 37.00 | OK | |
| r-patched-linux-x86_64 | 1.1-3 | 1.95 | 18.05 | 20.00 | OK | |
| r-release-linux-x86_64 | 1.1-3 | 1.62 | 18.13 | 19.75 | OK | |
| r-release-macos-arm64 | 1.1-3 | 1.00 | 14.00 | 15.00 | OK | |
| r-release-macos-x86_64 | 1.1-3 | 2.00 | 21.00 | 23.00 | OK | |
| r-release-windows-x86_64 | 1.1-3 | 2.00 | 38.00 | 40.00 | OK | |
| r-oldrel-macos-arm64 | 1.1-3 | 1.00 | 12.00 | 13.00 | OK | |
| r-oldrel-macos-x86_64 | 1.1-3 | 2.00 | 18.00 | 20.00 | OK | |
| r-oldrel-windows-x86_64 | 1.1-3 | 3.00 | 35.00 | 38.00 | OK | 
Version: 1.1-3
Check: CRAN incoming feasibility
Result: NOTE
  Maintainer: ‘Hana Sevcikova <hanas@uw.edu>’
  
  No Authors@R field in DESCRIPTION.
  Please add one, modifying
    Authors@R: c(person(given = "Naisyin",
                        family = "Wang",
                        role = "aut",
                        email = "nwangaa@umich.edu"),
                 person(given = c("Adrian", "Raftery", "with", "contributions", "from", "Chris", "Fraley"),
                        family = "<fraley@uw.edu>",
                        role = "aut",
                        email = "fraley@uw.edu"),
                 person(given = "Hana",
                        family = "Sevcikova",
                        role = "cre",
                        email = "hanas@uw.edu"))
  as necessary.
Flavors: r-devel-linux-x86_64-debian-clang, r-devel-linux-x86_64-debian-gcc