Last updated on 2025-10-31 02:50:28 CET.
| Flavor | Version | Tinstall | Tcheck | Ttotal | Status | Flags | 
|---|---|---|---|---|---|---|
| r-devel-linux-x86_64-debian-clang | 0.5.4 | 7.73 | 107.37 | 115.10 | OK | |
| r-devel-linux-x86_64-debian-gcc | 0.5.4 | 4.87 | 96.73 | 101.60 | OK | |
| r-devel-linux-x86_64-fedora-clang | 0.5.4 | 26.00 | 146.57 | 172.57 | OK | |
| r-devel-linux-x86_64-fedora-gcc | 0.5.4 | 18.00 | 161.05 | 179.05 | OK | |
| r-devel-windows-x86_64 | 0.5.4 | 19.00 | 76.00 | 95.00 | OK | |
| r-patched-linux-x86_64 | 0.5.4 | 6.06 | 102.95 | 109.01 | OK | |
| r-release-linux-x86_64 | 0.5.4 | 7.91 | 103.68 | 111.59 | OK | |
| r-release-macos-arm64 | 0.5.4 | 4.00 | 115.00 | 119.00 | OK | |
| r-release-macos-x86_64 | 0.5.4 | 8.00 | 143.00 | 151.00 | OK | |
| r-release-windows-x86_64 | 0.5.4 | 23.00 | 81.00 | 104.00 | OK | |
| r-oldrel-macos-arm64 | 0.5.4 | 3.00 | 97.00 | 100.00 | NOTE | |
| r-oldrel-macos-x86_64 | 0.5.4 | 9.00 | 130.00 | 139.00 | NOTE | |
| r-oldrel-windows-x86_64 | 0.5.4 | 19.00 | 94.00 | 113.00 | NOTE | 
Version: 0.5.4
Check: installed package size
Result: NOTE
    installed size is  8.6Mb
    sub-directories of 1Mb or more:
      doc       1.8Mb
      include   6.5Mb
Flavors: r-oldrel-macos-arm64, r-oldrel-macos-x86_64, r-oldrel-windows-x86_64