Last updated on 2025-10-31 02:50:28 CET.
| Flavor | Version | Tinstall | Tcheck | Ttotal | Status | Flags | 
|---|---|---|---|---|---|---|
| r-devel-linux-x86_64-debian-clang | 0.2.0 | 1.75 | 31.15 | 32.90 | OK | |
| r-devel-linux-x86_64-debian-gcc | 0.2.0 | 1.56 | 25.53 | 27.09 | OK | |
| r-devel-linux-x86_64-fedora-clang | 0.2.0 | 46.06 | OK | |||
| r-devel-linux-x86_64-fedora-gcc | 0.2.0 | 56.30 | OK | |||
| r-devel-windows-x86_64 | 0.2.0 | 6.00 | 47.00 | 53.00 | OK | |
| r-patched-linux-x86_64 | 0.2.0 | 1.75 | 28.20 | 29.95 | OK | |
| r-release-linux-x86_64 | 0.2.0 | 1.46 | 27.76 | 29.22 | OK | |
| r-release-macos-arm64 | 0.2.0 | 1.00 | 25.00 | 26.00 | OK | |
| r-release-macos-x86_64 | 0.2.0 | 2.00 | 65.00 | 67.00 | OK | |
| r-release-windows-x86_64 | 0.2.0 | 6.00 | 50.00 | 56.00 | OK | |
| r-oldrel-macos-arm64 | 0.2.0 | 1.00 | 51.00 | 52.00 | NOTE | |
| r-oldrel-macos-x86_64 | 0.2.0 | 3.00 | 65.00 | 68.00 | NOTE | |
| r-oldrel-windows-x86_64 | 0.2.0 | 9.00 | 57.00 | 66.00 | NOTE | 
Version: 0.2.0
Check: installed package size
Result: NOTE
    installed size is  8.2Mb
    sub-directories of 1Mb or more:
      include   7.7Mb
Flavors: r-oldrel-macos-arm64, r-oldrel-macos-x86_64, r-oldrel-windows-x86_64