Last updated on 2025-10-31 02:50:28 CET.
| Flavor | Version | Tinstall | Tcheck | Ttotal | Status | Flags | 
|---|---|---|---|---|---|---|
| r-devel-linux-x86_64-debian-clang | 0.3.13 | 81.67 | 460.64 | 542.31 | OK | |
| r-devel-linux-x86_64-debian-gcc | 0.3.13 | 39.01 | 266.69 | 305.70 | OK | |
| r-devel-linux-x86_64-fedora-clang | 0.3.13 | 151.00 | 668.41 | 819.41 | OK | |
| r-devel-linux-x86_64-fedora-gcc | 0.3.13 | 112.00 | 687.11 | 799.11 | OK | |
| r-devel-windows-x86_64 | 0.3.13 | 56.00 | 610.00 | 666.00 | OK | |
| r-patched-linux-x86_64 | 0.3.13 | 58.60 | 435.00 | 493.60 | OK | |
| r-release-linux-x86_64 | 0.3.13 | 54.73 | 440.14 | 494.87 | OK | |
| r-release-macos-arm64 | 0.3.13 | 31.00 | 222.00 | 253.00 | OK | |
| r-release-macos-x86_64 | 0.3.13 | 39.00 | 477.00 | 516.00 | OK | |
| r-release-windows-x86_64 | 0.3.13 | 58.00 | 603.00 | 661.00 | OK | |
| r-oldrel-macos-arm64 | 0.3.13 | 24.00 | 195.00 | 219.00 | NOTE | |
| r-oldrel-macos-x86_64 | 0.3.13 | 38.00 | 446.00 | 484.00 | NOTE | |
| r-oldrel-windows-x86_64 | 0.3.13 | 72.00 | 775.00 | 847.00 | OK | 
Version: 0.3.13
Check: installed package size
Result: NOTE
    installed size is 10.4Mb
    sub-directories of 1Mb or more:
      data   1.2Mb
      doc    2.2Mb
      libs   6.9Mb
Flavors: r-oldrel-macos-arm64, r-oldrel-macos-x86_64