Last updated on 2025-10-31 02:50:28 CET.
| Flavor | Version | Tinstall | Tcheck | Ttotal | Status | Flags | 
|---|---|---|---|---|---|---|
| r-devel-linux-x86_64-debian-clang | 0.4 | 41.82 | 287.36 | 329.18 | OK | |
| r-devel-linux-x86_64-debian-gcc | 0.4 | 28.90 | 184.28 | 213.18 | OK | |
| r-devel-linux-x86_64-fedora-clang | 0.4 | 102.00 | 399.11 | 501.11 | OK | |
| r-devel-linux-x86_64-fedora-gcc | 0.4 | 92.00 | 391.83 | 483.83 | OK | |
| r-devel-windows-x86_64 | 0.4 | 38.00 | 216.00 | 254.00 | OK | |
| r-patched-linux-x86_64 | 0.4 | 41.52 | 269.27 | 310.79 | OK | |
| r-release-linux-x86_64 | 0.4 | 36.82 | 269.17 | 305.99 | OK | |
| r-release-macos-arm64 | 0.4 | 17.00 | 89.00 | 106.00 | OK | |
| r-release-macos-x86_64 | 0.4 | 35.00 | 196.00 | 231.00 | OK | |
| r-release-windows-x86_64 | 0.4 | 39.00 | 219.00 | 258.00 | OK | |
| r-oldrel-macos-arm64 | 0.4 | 21.00 | 89.00 | 110.00 | NOTE | |
| r-oldrel-macos-x86_64 | 0.4 | 26.00 | 141.00 | 167.00 | NOTE | |
| r-oldrel-windows-x86_64 | 0.4 | 53.00 | 318.00 | 371.00 | NOTE | 
Version: 0.4
Check: installed package size
Result: NOTE
    installed size is  6.8Mb
    sub-directories of 1Mb or more:
      data   6.7Mb
Flavors: r-oldrel-macos-arm64, r-oldrel-macos-x86_64, r-oldrel-windows-x86_64