Last updated on 2025-07-24 02:52:09 CEST.
Flavor | Version | Tinstall | Tcheck | Ttotal | Status | Flags |
---|---|---|---|---|---|---|
r-devel-linux-x86_64-debian-clang | 1.3.2 | 9.04 | 114.37 | 123.41 | OK | |
r-devel-linux-x86_64-debian-gcc | 1.3.2 | 6.03 | 80.41 | 86.44 | OK | |
r-devel-linux-x86_64-fedora-clang | 1.3.2 | 181.14 | OK | |||
r-devel-linux-x86_64-fedora-gcc | 1.3.2 | 183.71 | OK | |||
r-devel-windows-x86_64 | 1.3.2 | 13.00 | 128.00 | 141.00 | OK | |
r-patched-linux-x86_64 | 1.3.2 | 10.54 | 103.76 | 114.30 | OK | |
r-release-linux-x86_64 | 1.3.2 | 8.12 | 102.87 | 110.99 | OK | |
r-release-macos-arm64 | 1.3.2 | 62.00 | OK | |||
r-release-macos-x86_64 | 1.3.2 | 102.00 | OK | |||
r-release-windows-x86_64 | 1.3.2 | 12.00 | 131.00 | 143.00 | OK | |
r-oldrel-macos-arm64 | 1.3.2 | 70.00 | NOTE | |||
r-oldrel-macos-x86_64 | 1.3.2 | 103.00 | NOTE | |||
r-oldrel-windows-x86_64 | 1.3.2 | 15.00 | 165.00 | 180.00 | NOTE |
Version: 1.3.2
Check: installed package size
Result: NOTE
installed size is 13.1Mb
sub-directories of 1Mb or more:
doc 11.7Mb
help 1.2Mb
Flavors: r-oldrel-macos-arm64, r-oldrel-macos-x86_64, r-oldrel-windows-x86_64