Last updated on 2025-10-31 02:50:28 CET.
| Flavor | Version | Tinstall | Tcheck | Ttotal | Status | Flags | 
|---|---|---|---|---|---|---|
| r-devel-linux-x86_64-debian-clang | 0.2.61 | 16.49 | 23.83 | 40.32 | NOTE | |
| r-devel-linux-x86_64-debian-gcc | 0.2.61 | 13.24 | 19.86 | 33.10 | NOTE | |
| r-devel-linux-x86_64-fedora-clang | 0.2.61 | 41.00 | 17.86 | 58.86 | OK | |
| r-devel-linux-x86_64-fedora-gcc | 0.2.61 | 34.00 | 23.47 | 57.47 | OK | |
| r-devel-windows-x86_64 | 0.2.61 | 18.00 | 43.00 | 61.00 | OK | |
| r-patched-linux-x86_64 | 0.2.61 | 17.12 | 21.62 | 38.74 | OK | |
| r-release-linux-x86_64 | 0.2.61 | 17.71 | 21.88 | 39.59 | OK | |
| r-release-macos-arm64 | 0.2.61 | 12.00 | 18.00 | 30.00 | OK | |
| r-release-macos-x86_64 | 0.2.61 | 17.00 | 25.00 | 42.00 | OK | |
| r-release-windows-x86_64 | 0.2.61 | 16.00 | 50.00 | 66.00 | OK | |
| r-oldrel-macos-arm64 | 0.2.61 | 11.00 | 16.00 | 27.00 | NOTE | |
| r-oldrel-macos-x86_64 | 0.2.61 | 13.00 | 24.00 | 37.00 | NOTE | |
| r-oldrel-windows-x86_64 | 0.2.61 | 18.00 | 44.00 | 62.00 | NOTE | 
Version: 0.2.61
Check: CRAN incoming feasibility
Result: NOTE
  Maintainer: ‘Caleb Lucas <calebjlucas@gmail.com>’
  
  No Authors@R field in DESCRIPTION.
  Please add one, modifying
    Authors@R: c(person(given = "Caleb",
                        family = "Lucas",
                        role = c("aut", "cre"),
                        email = "calebjlucas@gmail.com",
                        comment = "https://caleblucas.com/"),
                 person(given = "Joshua",
                        family = "McCrain",
                        role = "aut",
                        comment = "http://joshuamccrain.com/"))
  as necessary.
Flavors: r-devel-linux-x86_64-debian-clang, r-devel-linux-x86_64-debian-gcc
Version: 0.2.61
Check: installed package size
Result: NOTE
    installed size is  8.6Mb
    sub-directories of 1Mb or more:
      data   8.6Mb
Flavors: r-oldrel-macos-arm64, r-oldrel-macos-x86_64, r-oldrel-windows-x86_64