Last updated on 2025-10-31 02:50:28 CET.
| Flavor | Version | Tinstall | Tcheck | Ttotal | Status | Flags | 
|---|---|---|---|---|---|---|
| r-devel-linux-x86_64-debian-clang | 0.2-2 | 19.85 | 58.62 | 78.47 | NOTE | |
| r-devel-linux-x86_64-debian-gcc | 0.2-2 | 13.45 | 42.85 | 56.30 | NOTE | |
| r-devel-linux-x86_64-fedora-clang | 0.2-2 | 49.00 | 95.74 | 144.74 | OK | |
| r-devel-linux-x86_64-fedora-gcc | 0.2-2 | 50.00 | 89.78 | 139.78 | OK | |
| r-devel-windows-x86_64 | 0.2-2 | 33.00 | 189.00 | 222.00 | OK | |
| r-patched-linux-x86_64 | 0.2-2 | 20.77 | 57.70 | 78.47 | OK | |
| r-release-linux-x86_64 | 0.2-2 | 19.24 | 57.78 | 77.02 | OK | |
| r-release-macos-arm64 | 0.2-2 | 10.00 | 28.00 | 38.00 | OK | |
| r-release-macos-x86_64 | 0.2-2 | 12.00 | 55.00 | 67.00 | OK | |
| r-release-windows-x86_64 | 0.2-2 | 35.00 | 250.00 | 285.00 | OK | |
| r-oldrel-macos-arm64 | 0.2-2 | 10.00 | 29.00 | 39.00 | OK | |
| r-oldrel-macos-x86_64 | 0.2-2 | 11.00 | 45.00 | 56.00 | OK | |
| r-oldrel-windows-x86_64 | 0.2-2 | 35.00 | 213.00 | 248.00 | OK | 
Version: 0.2-2
Check: CRAN incoming feasibility
Result: NOTE
  Maintainer: ‘Jonas M. B. Haslbeck <jonas.haslbeck@gmail.com>’
  
  No Authors@R field in DESCRIPTION.
  Please add one, modifying
    Authors@R: c(person(given = c("Jonas", "M.", "B."),
                        family = "Haslbeck",
                        role = c("aut", "cre"),
                        email = "jonas.haslbeck@gmail.com"),
                 person(given = c("Dirk", "U."),
                        family = "Wulff",
                        role = "aut"))
  as necessary.
Flavors: r-devel-linux-x86_64-debian-clang, r-devel-linux-x86_64-debian-gcc