Last updated on 2025-10-31 02:50:28 CET.
| Flavor | Version | Tinstall | Tcheck | Ttotal | Status | Flags | 
|---|---|---|---|---|---|---|
| r-devel-linux-x86_64-debian-clang | 0.1.0 | 2.77 | 38.90 | 41.67 | NOTE | |
| r-devel-linux-x86_64-debian-gcc | 0.1.0 | 1.75 | 29.36 | 31.11 | NOTE | |
| r-devel-linux-x86_64-fedora-clang | 0.1.0 | 61.90 | OK | |||
| r-devel-linux-x86_64-fedora-gcc | 0.1.0 | 71.43 | OK | |||
| r-devel-windows-x86_64 | 0.1.0 | 5.00 | 67.00 | 72.00 | OK | |
| r-patched-linux-x86_64 | 0.1.0 | 3.92 | 36.64 | 40.56 | OK | |
| r-release-linux-x86_64 | 0.1.0 | 2.64 | 36.77 | 39.41 | OK | |
| r-release-macos-arm64 | 0.1.0 | 2.00 | 34.00 | 36.00 | OK | |
| r-release-macos-x86_64 | 0.1.0 | 3.00 | 49.00 | 52.00 | OK | |
| r-release-windows-x86_64 | 0.1.0 | 5.00 | 69.00 | 74.00 | OK | |
| r-oldrel-macos-arm64 | 0.1.0 | 2.00 | 26.00 | 28.00 | OK | |
| r-oldrel-macos-x86_64 | 0.1.0 | 3.00 | 37.00 | 40.00 | OK | |
| r-oldrel-windows-x86_64 | 0.1.0 | 6.00 | 79.00 | 85.00 | OK | 
Version: 0.1.0
Check: CRAN incoming feasibility
Result: NOTE
  Maintainer: ‘Chris Mann <cmann3@unl.edu>’
  
  No Authors@R field in DESCRIPTION.
  Please add one, modifying
    Authors@R: person(given = "Chris",
                      family = "Mann",
                      role = c("aut", "cre"),
                      email = "cmann3@unl.edu")
  as necessary.
Flavors: r-devel-linux-x86_64-debian-clang, r-devel-linux-x86_64-debian-gcc