Last updated on 2025-10-31 02:50:29 CET.
| Flavor | Version | Tinstall | Tcheck | Ttotal | Status | Flags | 
|---|---|---|---|---|---|---|
| r-devel-linux-x86_64-debian-clang | 2.0-4 | 8.84 | 39.27 | 48.11 | NOTE | |
| r-devel-linux-x86_64-debian-gcc | 2.0-4 | 6.28 | 28.40 | 34.68 | NOTE | |
| r-devel-linux-x86_64-fedora-clang | 2.0-4 | 18.00 | 52.55 | 70.55 | OK | |
| r-devel-linux-x86_64-fedora-gcc | 2.0-4 | 16.00 | 49.22 | 65.22 | OK | |
| r-devel-windows-x86_64 | 2.0-4 | 19.00 | 66.00 | 85.00 | OK | |
| r-patched-linux-x86_64 | 2.0-4 | 8.05 | 36.19 | 44.24 | OK | |
| r-release-linux-x86_64 | 2.0-4 | 5.92 | 36.96 | 42.88 | OK | |
| r-release-macos-arm64 | 2.0-4 | 6.00 | 19.00 | 25.00 | OK | |
| r-release-macos-x86_64 | 2.0-4 | 10.00 | 36.00 | 46.00 | OK | |
| r-release-windows-x86_64 | 2.0-4 | 19.00 | 73.00 | 92.00 | OK | |
| r-oldrel-macos-arm64 | 2.0-4 | 7.00 | 26.00 | 33.00 | OK | |
| r-oldrel-macos-x86_64 | 2.0-4 | 6.00 | 30.00 | 36.00 | OK | |
| r-oldrel-windows-x86_64 | 2.0-4 | 19.00 | 67.00 | 86.00 | OK | 
Version: 2.0-4
Check: CRAN incoming feasibility
Result: NOTE
  Maintainer: ‘Rolf Turner <rolfturner@posteo.net>’
  
  No Authors@R field in DESCRIPTION.
  Please add one, modifying
    Authors@R: person(given = "Rolf",
                      family = "Turner",
                      role = c("aut", "cre"),
                      email = "rolfturner@posteo.net")
  as necessary.
Flavors: r-devel-linux-x86_64-debian-clang, r-devel-linux-x86_64-debian-gcc