Last updated on 2025-10-31 02:50:29 CET.
| Flavor | Version | Tinstall | Tcheck | Ttotal | Status | Flags | 
|---|---|---|---|---|---|---|
| r-devel-linux-x86_64-debian-clang | 1.2.2 | 1.81 | 31.04 | 32.85 | NOTE | |
| r-devel-linux-x86_64-debian-gcc | 1.2.2 | 1.47 | 25.59 | 27.06 | NOTE | |
| r-devel-linux-x86_64-fedora-clang | 1.2.2 | 48.60 | OK | |||
| r-devel-linux-x86_64-fedora-gcc | 1.2.2 | 60.16 | OK | |||
| r-devel-windows-x86_64 | 1.2.2 | 3.00 | 69.00 | 72.00 | OK | |
| r-patched-linux-x86_64 | 1.2.2 | 2.17 | 29.56 | 31.73 | OK | |
| r-release-linux-x86_64 | 1.2.2 | 1.68 | 29.72 | 31.40 | OK | |
| r-release-macos-arm64 | 1.2.2 | 1.00 | 25.00 | 26.00 | OK | |
| r-release-macos-x86_64 | 1.2.2 | 2.00 | 45.00 | 47.00 | OK | |
| r-release-windows-x86_64 | 1.2.2 | 4.00 | 71.00 | 75.00 | OK | |
| r-oldrel-macos-arm64 | 1.2.2 | 1.00 | 24.00 | 25.00 | OK | |
| r-oldrel-macos-x86_64 | 1.2.2 | 1.00 | 37.00 | 38.00 | OK | |
| r-oldrel-windows-x86_64 | 1.2.2 | 5.00 | 71.00 | 76.00 | OK | 
Version: 1.2.2
Check: CRAN incoming feasibility
Result: NOTE
  Maintainer: ‘Stanley E. Lazic <stan.lazic@cantab.net>’
  
  No Authors@R field in DESCRIPTION.
  Please add one, modifying
    Authors@R: person(given = c("Stanley", "E."),
                      family = "Lazic",
                      role = c("aut", "cre"),
                      email = "stan.lazic@cantab.net")
  as necessary.
  
  Package CITATION file contains call(s) to old-style citEntry().  Please
  use bibentry() instead.
Flavors: r-devel-linux-x86_64-debian-clang, r-devel-linux-x86_64-debian-gcc