Last updated on 2025-10-30 02:49:00 CET.
| Flavor | Version | Tinstall | Tcheck | Ttotal | Status | Flags | 
|---|---|---|---|---|---|---|
| r-devel-linux-x86_64-debian-clang | 2.1 | 1.84 | 34.80 | 36.64 | NOTE | |
| r-devel-linux-x86_64-debian-gcc | 2.1 | 1.55 | 26.26 | 27.81 | NOTE | |
| r-devel-linux-x86_64-fedora-clang | 2.1 | 54.51 | OK | |||
| r-devel-linux-x86_64-fedora-gcc | 2.1 | 66.20 | OK | |||
| r-devel-windows-x86_64 | 2.1 | 4.00 | 58.00 | 62.00 | OK | |
| r-patched-linux-x86_64 | 2.1 | 2.17 | 32.99 | 35.16 | OK | |
| r-release-linux-x86_64 | 2.1 | 1.74 | 33.25 | 34.99 | OK | |
| r-release-macos-arm64 | 2.1 | 1.00 | 25.00 | 26.00 | OK | |
| r-release-macos-x86_64 | 2.1 | 2.00 | 47.00 | 49.00 | OK | |
| r-release-windows-x86_64 | 2.1 | 4.00 | 62.00 | 66.00 | OK | |
| r-oldrel-macos-arm64 | 2.1 | 1.00 | 24.00 | 25.00 | OK | |
| r-oldrel-macos-x86_64 | 2.1 | 2.00 | 37.00 | 39.00 | OK | |
| r-oldrel-windows-x86_64 | 2.1 | 4.00 | 67.00 | 71.00 | OK | 
Version: 2.1
Check: CRAN incoming feasibility
Result: NOTE
  Maintainer: ‘Max Kuhn <mxkuhn@gmail.com>’
  
  No Authors@R field in DESCRIPTION.
  Please add one, modifying
    Authors@R: person(given = "Max",
                      family = "Kuhn",
                      role = c("aut", "cre"),
                      email = "mxkuhn@gmail.com")
  as necessary.
Flavors: r-devel-linux-x86_64-debian-clang, r-devel-linux-x86_64-debian-gcc