Last updated on 2025-10-31 02:50:29 CET.
| Flavor | Version | Tinstall | Tcheck | Ttotal | Status | Flags | 
|---|---|---|---|---|---|---|
| r-devel-linux-x86_64-debian-clang | 1.8.6 | 2.42 | 23.85 | 26.27 | NOTE | |
| r-devel-linux-x86_64-debian-gcc | 1.8.6 | 1.79 | 18.75 | 20.54 | NOTE | |
| r-devel-linux-x86_64-fedora-clang | 1.8.6 | 37.96 | OK | |||
| r-devel-linux-x86_64-fedora-gcc | 1.8.6 | 36.16 | OK | |||
| r-devel-windows-x86_64 | 1.8.6 | 3.00 | 42.00 | 45.00 | OK | |
| r-patched-linux-x86_64 | 1.8.6 | 2.71 | 22.02 | 24.73 | OK | |
| r-release-linux-x86_64 | 1.8.6 | 1.96 | 21.97 | 23.93 | OK | |
| r-release-macos-arm64 | 1.8.6 | 1.00 | 16.00 | 17.00 | OK | |
| r-release-macos-x86_64 | 1.8.6 | 2.00 | 26.00 | 28.00 | OK | |
| r-release-windows-x86_64 | 1.8.6 | 3.00 | 45.00 | 48.00 | OK | |
| r-oldrel-macos-arm64 | 1.8.6 | 1.00 | 20.00 | 21.00 | OK | |
| r-oldrel-macos-x86_64 | 1.8.6 | 2.00 | 27.00 | 29.00 | OK | |
| r-oldrel-windows-x86_64 | 1.8.6 | 5.00 | 47.00 | 52.00 | OK | 
Version: 1.8.6
Check: CRAN incoming feasibility
Result: NOTE
  Maintainer: ‘Gordon Smyth <smyth@wehi.edu.au>’
  
  No Authors@R field in DESCRIPTION.
  Please add one, modifying
    Authors@R: c(person(given = "Gordon",
                        family = "Smyth",
                        role = c("aut", "cre"),
                        email = "smyth@wehi.edu.au"),
                 person(given = c("Peter", "K"),
                        family = "Dunn",
                        role = "aut",
                        email = "pdunn2@usc.edu.au"),
                 person(given = c("Robert", "W."),
                        family = "Corty",
                        role = "aut"))
  as necessary.
Flavors: r-devel-linux-x86_64-debian-clang, r-devel-linux-x86_64-debian-gcc