Last updated on 2025-10-31 02:50:29 CET.
| Flavor | Version | Tinstall | Tcheck | Ttotal | Status | Flags | 
|---|---|---|---|---|---|---|
| r-devel-linux-x86_64-debian-clang | 1.6.5 | 3.19 | 44.64 | 47.83 | NOTE | |
| r-devel-linux-x86_64-debian-gcc | 1.6.5 | 2.22 | 33.61 | 35.83 | NOTE | |
| r-devel-linux-x86_64-fedora-clang | 1.6.5 | 67.38 | OK | |||
| r-devel-linux-x86_64-fedora-gcc | 1.6.5 | 79.13 | OK | |||
| r-devel-windows-x86_64 | 1.6.5 | 4.00 | 88.00 | 92.00 | OK | |
| r-patched-linux-x86_64 | 1.6.5 | 4.16 | 42.63 | 46.79 | OK | |
| r-release-linux-x86_64 | 1.6.5 | 2.55 | 41.81 | 44.36 | OK | |
| r-release-macos-arm64 | 1.6.5 | 1.00 | 30.00 | 31.00 | OK | |
| r-release-macos-x86_64 | 1.6.5 | 3.00 | 56.00 | 59.00 | OK | |
| r-release-windows-x86_64 | 1.6.5 | 5.00 | 95.00 | 100.00 | OK | |
| r-oldrel-macos-arm64 | 1.6.5 | 1.00 | 31.00 | 32.00 | OK | |
| r-oldrel-macos-x86_64 | 1.6.5 | 3.00 | 42.00 | 45.00 | OK | |
| r-oldrel-windows-x86_64 | 1.6.5 | 4.00 | 90.00 | 94.00 | OK | 
Version: 1.6.5
Check: CRAN incoming feasibility
Result: NOTE
  Maintainer: ‘Karline Soetaert <karline.soetaert@nioz.nl>’
  
  No Authors@R field in DESCRIPTION.
  Please add one, modifying
    Authors@R: person(given = "Karline",
                      family = "Soetaert",
                      role = c("aut", "cre"),
                      email = "karline.soetaert@nioz.nl")
  as necessary.
Flavors: r-devel-linux-x86_64-debian-clang, r-devel-linux-x86_64-debian-gcc