Last updated on 2025-10-31 02:50:29 CET.
| Flavor | Version | Tinstall | Tcheck | Ttotal | Status | Flags | 
|---|---|---|---|---|---|---|
| r-devel-linux-x86_64-debian-clang | 0.1.3-5 | 2.45 | 26.99 | 29.44 | NOTE | |
| r-devel-linux-x86_64-debian-gcc | 0.1.3-5 | 1.69 | 20.67 | 22.36 | NOTE | |
| r-devel-linux-x86_64-fedora-clang | 0.1.3-5 | 42.99 | OK | |||
| r-devel-linux-x86_64-fedora-gcc | 0.1.3-5 | 41.04 | OK | |||
| r-devel-windows-x86_64 | 0.1.3-5 | 5.00 | 46.00 | 51.00 | OK | |
| r-patched-linux-x86_64 | 0.1.3-5 | 2.27 | 25.70 | 27.97 | OK | |
| r-release-linux-x86_64 | 0.1.3-5 | 2.33 | 25.77 | 28.10 | OK | |
| r-release-macos-arm64 | 0.1.3-5 | 1.00 | 16.00 | 17.00 | OK | |
| r-release-macos-x86_64 | 0.1.3-5 | 2.00 | 27.00 | 29.00 | OK | |
| r-release-windows-x86_64 | 0.1.3-5 | 3.00 | 52.00 | 55.00 | OK | |
| r-oldrel-macos-arm64 | 0.1.3-5 | 1.00 | 21.00 | 22.00 | OK | |
| r-oldrel-macos-x86_64 | 0.1.3-5 | 3.00 | 25.00 | 28.00 | OK | |
| r-oldrel-windows-x86_64 | 0.1.3-5 | 3.00 | 48.00 | 51.00 | OK | 
Version: 0.1.3-5
Check: CRAN incoming feasibility
Result: NOTE
  Maintainer: ‘Torben Tvedebrink <tvede@math.aau.dk>’
  
  No Authors@R field in DESCRIPTION.
  Please add one, modifying
    Authors@R: person(given = "Torben",
                      family = "Tvedebrink",
                      role = c("aut", "cre"),
                      email = "tvede@math.aau.dk")
  as necessary.
  
  Package CITATION file contains call(s) to old-style personList() or
  as.personList().  Please use c() on person objects instead.
  Package CITATION file contains call(s) to old-style citEntry().  Please
  use bibentry() instead.
Flavors: r-devel-linux-x86_64-debian-clang, r-devel-linux-x86_64-debian-gcc